{"id":458,"date":"2022-05-16T16:19:17","date_gmt":"2022-05-16T14:19:17","guid":{"rendered":"http:\/\/amenaturo.wpcomstaging.com\/?page_id=458"},"modified":"2022-05-16T16:19:17","modified_gmt":"2022-05-16T14:19:17","slug":"accueil","status":"publish","type":"page","link":"https:\/\/www.amenaturopathe.com\/","title":{"rendered":"Accueil"},"content":{"rendered":"\n<div class=\"wp-block-cover alignfull is-light\"><img loading=\"lazy\" decoding=\"async\" width=\"2000\" height=\"1334\" class=\"wp-block-cover__image-background wp-image-493\" alt=\"\" src=\"https:\/\/www.amenaturopathe.com\/wp-content\/uploads\/2022\/05\/prise-vue-au-grand-angle-seul-arbre-poussant-sous-ciel-assombri-pendant-coucher-soleil-entoure-herbe_181624-22807.webp\" data-object-fit=\"cover\" srcset=\"https:\/\/www.amenaturopathe.com\/wp-content\/uploads\/2022\/05\/prise-vue-au-grand-angle-seul-arbre-poussant-sous-ciel-assombri-pendant-coucher-soleil-entoure-herbe_181624-22807.webp 2000w, https:\/\/www.amenaturopathe.com\/wp-content\/uploads\/2022\/05\/prise-vue-au-grand-angle-seul-arbre-poussant-sous-ciel-assombri-pendant-coucher-soleil-entoure-herbe_181624-22807-300x200.webp 300w, https:\/\/www.amenaturopathe.com\/wp-content\/uploads\/2022\/05\/prise-vue-au-grand-angle-seul-arbre-poussant-sous-ciel-assombri-pendant-coucher-soleil-entoure-herbe_181624-22807-1024x683.webp 1024w, https:\/\/www.amenaturopathe.com\/wp-content\/uploads\/2022\/05\/prise-vue-au-grand-angle-seul-arbre-poussant-sous-ciel-assombri-pendant-coucher-soleil-entoure-herbe_181624-22807-768x512.webp 768w, https:\/\/www.amenaturopathe.com\/wp-content\/uploads\/2022\/05\/prise-vue-au-grand-angle-seul-arbre-poussant-sous-ciel-assombri-pendant-coucher-soleil-entoure-herbe_181624-22807-1536x1025.webp 1536w\" sizes=\"auto, (max-width: 2000px) 100vw, 2000px\" \/><span aria-hidden=\"true\" class=\"wp-block-cover__background has-background-dim-0 has-background-dim\"><\/span><div class=\"wp-block-cover__inner-container is-layout-flow wp-block-cover-is-layout-flow\">\n<p class=\"has-text-align-center has-large-font-size\"><\/p>\n<\/div><\/div>\n\n\n\n<div style=\"height:64px\" aria-hidden=\"true\" class=\"wp-block-spacer\"><\/div>\n\n\n\n<h1 class=\"wp-block-heading has-text-align-center\"><strong>Cultivez votre sant\u00e9 !<\/strong><\/h1>\n\n\n\n<p class=\"has-text-align-left\">La premi\u00e8re \u00e9tape vers le changement est la prise de conscience. Si vous \u00eates sur ce site, c\u2019est que vous avez d\u00e9j\u00e0 entam\u00e9 cette \u00e9tape. L\u2019\u00e9tincelle de l\u2019envie de changer est l\u00e0 mais par o\u00f9 commencer ? Vers qui se tourner ? Quels sont mes besoins r\u00e9els ? C\u2019est s\u00fbrement les questions que vous vous posez.<\/p>\n\n\n\n<p>Mon r\u00f4le est de vous donner les cl\u00e9s qui vont vous permettre de mettre en place ces changements.&nbsp;\u00c0 travers une approche <strong>holistique et naturelle<\/strong>, je vous accompagne avec diff\u00e9rents outils pour retrouver <strong>vitalit\u00e9, l\u00e9g\u00e8ret\u00e9 et harmonie int\u00e9rieure<\/strong>.<\/p>\n\n\n\n<p>Votre corps est votre premier alli\u00e9. Il est le reflet de vos choix, de votre mode de vie et de vos \u00e9motions non exprim\u00e9es.<br>Lorsque le corps est en d\u00e9s\u00e9quilibre, il manifeste des signaux clairs que l&rsquo;on appelle sympt\u00f4mes : maux de t\u00eate, fatigue inexpliqu\u00e9e, douleurs chroniques, troubles digestifs, inflammations, troubles du sommeil, &#8230; <\/p>\n\n\n\n<blockquote class=\"wp-block-quote is-layout-flow wp-block-quote-is-layout-flow\">\n<p>\u00c9coutez votre corps, lib\u00e9rez vos blocages et retrouvez la vitalit\u00e9.<\/p>\n<\/blockquote>\n\n\n\n<div class=\"wp-block-buttons is-content-justification-center is-layout-flex wp-container-core-buttons-is-layout-16018d1d wp-block-buttons-is-layout-flex\">\n<div class=\"wp-block-button\"><a class=\"wp-block-button__link wp-element-button\" href=\"https:\/\/www.amenaturopathe.com\/tarifs\/\">Je prends RDV<\/a><\/div>\n<\/div>\n\n\n\n<figure class=\"wp-block-image size-large is-resized\"><img loading=\"lazy\" decoding=\"async\" width=\"1240\" height=\"830\" src=\"https:\/\/www.amenaturopathe.com\/wp-content\/uploads\/2022\/05\/site-1.jpg?w=1024\" alt=\"\" class=\"wp-image-498\" style=\"width:780px;height:521px\" srcset=\"https:\/\/www.amenaturopathe.com\/wp-content\/uploads\/2022\/05\/site-1.jpg 1240w, https:\/\/www.amenaturopathe.com\/wp-content\/uploads\/2022\/05\/site-1-300x201.jpg 300w, https:\/\/www.amenaturopathe.com\/wp-content\/uploads\/2022\/05\/site-1-1024x685.jpg 1024w, https:\/\/www.amenaturopathe.com\/wp-content\/uploads\/2022\/05\/site-1-768x514.jpg 768w\" sizes=\"auto, (max-width: 1240px) 100vw, 1240px\" \/><\/figure>\n\n\n\n<h2 class=\"wp-block-heading has-text-align-center\">Mes accompagnements<\/h2>\n\n\n\n<div class=\"wp-block-columns is-layout-flex wp-container-core-columns-is-layout-9d6595d7 wp-block-columns-is-layout-flex\">\n<div class=\"wp-block-column is-layout-flow wp-block-column-is-layout-flow\"><div class=\"wp-block-image\">\n<figure class=\"aligncenter size-large is-resized\"><a href=\"https:\/\/www.amenaturopathe.com\/naturopathie\/\"><img loading=\"lazy\" decoding=\"async\" width=\"1587\" height=\"2245\" src=\"https:\/\/www.amenaturopathe.com\/wp-content\/uploads\/2025\/03\/naturopthie-amelia-lemire.png?w=724\" alt=\"\" class=\"wp-image-1198\" style=\"width:307px;height:auto\" srcset=\"https:\/\/www.amenaturopathe.com\/wp-content\/uploads\/2025\/03\/naturopthie-amelia-lemire.png 1587w, https:\/\/www.amenaturopathe.com\/wp-content\/uploads\/2025\/03\/naturopthie-amelia-lemire-212x300.png 212w, https:\/\/www.amenaturopathe.com\/wp-content\/uploads\/2025\/03\/naturopthie-amelia-lemire-724x1024.png 724w, https:\/\/www.amenaturopathe.com\/wp-content\/uploads\/2025\/03\/naturopthie-amelia-lemire-768x1086.png 768w, https:\/\/www.amenaturopathe.com\/wp-content\/uploads\/2025\/03\/naturopthie-amelia-lemire-1086x1536.png 1086w, https:\/\/www.amenaturopathe.com\/wp-content\/uploads\/2025\/03\/naturopthie-amelia-lemire-1448x2048.png 1448w\" sizes=\"auto, (max-width: 1587px) 100vw, 1587px\" \/><\/a><\/figure>\n<\/div>\n\n\n<p class=\"has-text-align-left\">La<strong>&nbsp;<a href=\"https:\/\/www.amenaturopathe.com\/naturopathie\/\">naturopathie<\/a>&nbsp;<\/strong>a une approche holistique qui s&rsquo;int\u00e9resse \u00e0 l&rsquo;individu dans sa globalit\u00e9 au sein de son environnement. La recherche de la cause des d\u00e9s\u00e9quilibres autant physique qu&rsquo;\u00e9motionnel est le point de d\u00e9part de cette accompagnement. S&rsquo;en suit des conseils individualis\u00e9es sur diff\u00e9rentes th\u00e9matiques tels que l&rsquo;alimentation, l&rsquo;activit\u00e9 physique, la respiration, la gestion du stress et des \u00e9motions.<\/p>\n<\/div>\n\n\n\n<div class=\"wp-block-column is-layout-flow wp-block-column-is-layout-flow\">\n<figure class=\"wp-block-image size-large is-resized\"><a href=\"https:\/\/www.amenaturopathe.com\/methode-jmv\/\"><img decoding=\"async\" src=\"https:\/\/www.amenaturopathe.com\/wp-content\/uploads\/2025\/03\/methode-jmv-amelia-lemire-1.png?w=724\" alt=\"\" class=\"wp-image-1203\" style=\"width:307px;height:auto\" \/><\/a><\/figure>\n\n\n\n<p class=\"has-text-align-left\">Une m\u00e9thode unique qui associe kin\u00e9siologie, mouvements oculaires proche de l\u2019EMDR, MTC (M\u00e9decine Traditionnelle Chinoise) et points d&rsquo;accupression. V\u00e9ritable th\u00e9rapie naturelle,&nbsp;la&nbsp;<strong><a href=\"https:\/\/www.amenaturopathe.com\/methode-jmv\/\">M\u00e9thode JMV<\/a>\u00ae<\/strong>&nbsp;vise \u00e0 chercher les causes d\u2019un blocage ou d\u00e9s\u00e9quilibre physique, mental ou \u00e9motionnel et \u00e0 corriger les perturbations pour permettre \u00e0 l\u2019organisme de s\u2019<strong>autor\u00e9guler<\/strong>.<\/p>\n<\/div>\n<\/div>\n\n\n\n<div class=\"wp-block-columns is-layout-flex wp-container-core-columns-is-layout-9d6595d7 wp-block-columns-is-layout-flex\">\n<div class=\"wp-block-column is-layout-flow wp-block-column-is-layout-flow\">\n<figure class=\"wp-block-image size-large\"><a href=\"https:\/\/www.amenaturopathe.com\/drainage-lymphatique\/\"><img loading=\"lazy\" decoding=\"async\" width=\"1587\" height=\"2245\" src=\"https:\/\/www.amenaturopathe.com\/wp-content\/uploads\/2025\/03\/drainage-lymphatique-amelia-lemire-1.png?w=724\" alt=\"\" class=\"wp-image-1208\" srcset=\"https:\/\/www.amenaturopathe.com\/wp-content\/uploads\/2025\/03\/drainage-lymphatique-amelia-lemire-1.png 1587w, https:\/\/www.amenaturopathe.com\/wp-content\/uploads\/2025\/03\/drainage-lymphatique-amelia-lemire-1-212x300.png 212w, https:\/\/www.amenaturopathe.com\/wp-content\/uploads\/2025\/03\/drainage-lymphatique-amelia-lemire-1-724x1024.png 724w, https:\/\/www.amenaturopathe.com\/wp-content\/uploads\/2025\/03\/drainage-lymphatique-amelia-lemire-1-768x1086.png 768w, https:\/\/www.amenaturopathe.com\/wp-content\/uploads\/2025\/03\/drainage-lymphatique-amelia-lemire-1-1086x1536.png 1086w, https:\/\/www.amenaturopathe.com\/wp-content\/uploads\/2025\/03\/drainage-lymphatique-amelia-lemire-1-1448x2048.png 1448w\" sizes=\"auto, (max-width: 1587px) 100vw, 1587px\" \/><\/a><\/figure>\n\n\n\n<p>Un drainage complet appel\u00e9\u00a0<a href=\"https:\/\/www.amenaturopathe.com\/drainage-lymphatique\/\"><strong>massage \u00e9nerg\u00e9tique drainant (MED)<\/strong>\u00a0<\/a>qui associe des man\u0153uvres de drainage lymphatique br\u00e9silien, de stimulation de points d\u2019acupression\u2002(MTC) et de r\u00e9flexologie plantaire. C\u2019est le massage qu\u2019il vous faut pour relancer le syst\u00e8me lymphatique et\u00a0<strong>d\u00e9toxifier votre organisme<\/strong>\u00a0!<\/p>\n<\/div>\n\n\n\n<div class=\"wp-block-column is-layout-flow wp-block-column-is-layout-flow\">\n<figure class=\"wp-block-image size-large\"><a href=\"https:\/\/www.amenaturopathe.com\/breathwork\/\"><img decoding=\"async\" src=\"https:\/\/www.amenaturopathe.com\/wp-content\/uploads\/2025\/03\/breathwork-amelia-lemire.png?w=724\" alt=\"\" class=\"wp-image-1202\" \/><\/a><\/figure>\n\n\n\n<p>Une pratique de respiration consciente qui permet d\u2019atteindre un \u00e9tat de bien-\u00eatre profond en agissant sur le corps, le mental et la lib\u00e9ration des \u00e9motions. Gr\u00e2ce \u00e0 des techniques sp\u00e9cifiques, il aide \u00e0\u00a0<strong>r\u00e9duire le stress, lib\u00e9rer les tensions et favoriser un \u00e9tat de clart\u00e9 mentale<\/strong>.<\/p>\n<\/div>\n<\/div>\n\n\n\n<p>En r\u00e9unissant <strong>naturopathie, drainage lymphatique, m\u00e9thode JMV et breathwork<\/strong>, je vous accompagne de mani\u00e8re holistique et compl\u00e8te. Chaque outil me permet de m&rsquo;adapter \u00e0 votre besoin en fonction de votre probl\u00e9matique pour tenter de <strong>r\u00e9concilier votre corps, votre mental et vos \u00e9motions<\/strong> pour retrouver un \u00e9quilibre profond.<br><\/p>\n\n\n\n<div class=\"wp-block-buttons is-content-justification-center is-layout-flex wp-container-core-buttons-is-layout-16018d1d wp-block-buttons-is-layout-flex\">\n<div class=\"wp-block-button\"><a class=\"wp-block-button__link wp-element-button\" href=\"https:\/\/www.amenaturopathe.com\/tarifs\/\">Je prends RDV<\/a><\/div>\n<\/div>\n\n\n\n<h1 class=\"wp-block-heading has-text-align-center\">Vos t\u00e9moignages<\/h1>\n\n\n\n<div class=\"wp-block-jetpack-slideshow aligncenter\" data-effect=\"slide\"><div class=\"wp-block-jetpack-slideshow_container swiper-container\"><ul class=\"wp-block-jetpack-slideshow_swiper-wrapper swiper-wrapper\"><li class=\"wp-block-jetpack-slideshow_slide swiper-slide\"><figure><img loading=\"lazy\" decoding=\"async\" width=\"843\" height=\"259\" alt=\"\" class=\"wp-block-jetpack-slideshow_image wp-image-309\" data-id=\"309\" src=\"https:\/\/www.amenaturopathe.com\/wp-content\/uploads\/2021\/10\/amelie.png\" srcset=\"https:\/\/www.amenaturopathe.com\/wp-content\/uploads\/2021\/10\/amelie.png 843w, https:\/\/www.amenaturopathe.com\/wp-content\/uploads\/2021\/10\/amelie-300x92.png 300w, https:\/\/www.amenaturopathe.com\/wp-content\/uploads\/2021\/10\/amelie-768x236.png 768w\" sizes=\"auto, (max-width: 843px) 100vw, 843px\" \/><\/figure><\/li><li class=\"wp-block-jetpack-slideshow_slide swiper-slide\"><figure><img loading=\"lazy\" decoding=\"async\" width=\"758\" height=\"237\" alt=\"\" class=\"wp-block-jetpack-slideshow_image wp-image-176\" data-id=\"176\" src=\"https:\/\/www.amenaturopathe.com\/wp-content\/uploads\/2021\/10\/anais-2.png\" srcset=\"https:\/\/www.amenaturopathe.com\/wp-content\/uploads\/2021\/10\/anais-2.png 758w, https:\/\/www.amenaturopathe.com\/wp-content\/uploads\/2021\/10\/anais-2-300x94.png 300w\" sizes=\"auto, (max-width: 758px) 100vw, 758px\" \/><\/figure><\/li><li class=\"wp-block-jetpack-slideshow_slide swiper-slide\"><figure><img loading=\"lazy\" decoding=\"async\" width=\"949\" height=\"239\" alt=\"\" class=\"wp-block-jetpack-slideshow_image wp-image-174\" data-id=\"174\" src=\"https:\/\/www.amenaturopathe.com\/wp-content\/uploads\/2021\/10\/nathalie.png\" srcset=\"https:\/\/www.amenaturopathe.com\/wp-content\/uploads\/2021\/10\/nathalie.png 949w, https:\/\/www.amenaturopathe.com\/wp-content\/uploads\/2021\/10\/nathalie-300x76.png 300w, https:\/\/www.amenaturopathe.com\/wp-content\/uploads\/2021\/10\/nathalie-768x193.png 768w\" sizes=\"auto, (max-width: 949px) 100vw, 949px\" \/><\/figure><\/li><li class=\"wp-block-jetpack-slideshow_slide swiper-slide\"><figure><img loading=\"lazy\" decoding=\"async\" width=\"946\" height=\"149\" alt=\"\" class=\"wp-block-jetpack-slideshow_image wp-image-170\" data-id=\"170\" src=\"https:\/\/www.amenaturopathe.com\/wp-content\/uploads\/2021\/10\/chloe.png\" srcset=\"https:\/\/www.amenaturopathe.com\/wp-content\/uploads\/2021\/10\/chloe.png 946w, https:\/\/www.amenaturopathe.com\/wp-content\/uploads\/2021\/10\/chloe-300x47.png 300w, https:\/\/www.amenaturopathe.com\/wp-content\/uploads\/2021\/10\/chloe-768x121.png 768w\" sizes=\"auto, (max-width: 946px) 100vw, 946px\" \/><\/figure><\/li><li class=\"wp-block-jetpack-slideshow_slide swiper-slide\"><figure><img loading=\"lazy\" decoding=\"async\" width=\"935\" height=\"233\" alt=\"\" class=\"wp-block-jetpack-slideshow_image wp-image-169\" data-id=\"169\" src=\"https:\/\/www.amenaturopathe.com\/wp-content\/uploads\/2021\/10\/caroline.png\" srcset=\"https:\/\/www.amenaturopathe.com\/wp-content\/uploads\/2021\/10\/caroline.png 935w, https:\/\/www.amenaturopathe.com\/wp-content\/uploads\/2021\/10\/caroline-300x75.png 300w, https:\/\/www.amenaturopathe.com\/wp-content\/uploads\/2021\/10\/caroline-768x191.png 768w\" sizes=\"auto, (max-width: 935px) 100vw, 935px\" \/><\/figure><\/li><li class=\"wp-block-jetpack-slideshow_slide swiper-slide\"><figure><img loading=\"lazy\" decoding=\"async\" width=\"919\" height=\"269\" alt=\"\" class=\"wp-block-jetpack-slideshow_image wp-image-168\" data-id=\"168\" src=\"https:\/\/www.amenaturopathe.com\/wp-content\/uploads\/2021\/10\/anais-1.png\" srcset=\"https:\/\/www.amenaturopathe.com\/wp-content\/uploads\/2021\/10\/anais-1.png 919w, https:\/\/www.amenaturopathe.com\/wp-content\/uploads\/2021\/10\/anais-1-300x88.png 300w, https:\/\/www.amenaturopathe.com\/wp-content\/uploads\/2021\/10\/anais-1-768x225.png 768w\" sizes=\"auto, (max-width: 919px) 100vw, 919px\" \/><\/figure><\/li><li class=\"wp-block-jetpack-slideshow_slide swiper-slide\"><figure><img loading=\"lazy\" decoding=\"async\" width=\"1028\" height=\"394\" alt=\"\" class=\"wp-block-jetpack-slideshow_image wp-image-905\" data-id=\"905\" src=\"https:\/\/www.amenaturopathe.com\/wp-content\/uploads\/2024\/01\/avis-david.jpg\" srcset=\"https:\/\/www.amenaturopathe.com\/wp-content\/uploads\/2024\/01\/avis-david.jpg 1028w, https:\/\/www.amenaturopathe.com\/wp-content\/uploads\/2024\/01\/avis-david-300x115.jpg 300w, https:\/\/www.amenaturopathe.com\/wp-content\/uploads\/2024\/01\/avis-david-1024x392.jpg 1024w, https:\/\/www.amenaturopathe.com\/wp-content\/uploads\/2024\/01\/avis-david-768x294.jpg 768w\" sizes=\"auto, (max-width: 1028px) 100vw, 1028px\" \/><\/figure><\/li><li class=\"wp-block-jetpack-slideshow_slide swiper-slide\"><figure><img decoding=\"async\" alt=\"\" class=\"wp-block-jetpack-slideshow_image wp-image-906\" data-id=\"906\" src=\"https:\/\/www.amenaturopathe.com\/wp-content\/uploads\/2024\/01\/avis-julie.jpg\" \/><\/figure><\/li><li class=\"wp-block-jetpack-slideshow_slide swiper-slide\"><figure><img decoding=\"async\" alt=\"\" class=\"wp-block-jetpack-slideshow_image wp-image-907\" data-id=\"907\" src=\"https:\/\/www.amenaturopathe.com\/wp-content\/uploads\/2024\/01\/avis-lysiane.jpg\" \/><\/figure><\/li><li class=\"wp-block-jetpack-slideshow_slide swiper-slide\"><figure><img decoding=\"async\" alt=\"\" class=\"wp-block-jetpack-slideshow_image wp-image-908\" data-id=\"908\" src=\"https:\/\/www.amenaturopathe.com\/wp-content\/uploads\/2024\/01\/avis-nathalie-p.jpg\" \/><\/figure><\/li><li class=\"wp-block-jetpack-slideshow_slide swiper-slide\"><figure><img decoding=\"async\" alt=\"\" class=\"wp-block-jetpack-slideshow_image wp-image-909\" data-id=\"909\" src=\"https:\/\/www.amenaturopathe.com\/wp-content\/uploads\/2024\/01\/avis-benoit.jpg\" \/><\/figure><\/li><\/ul><a class=\"wp-block-jetpack-slideshow_button-prev swiper-button-prev swiper-button-white\" role=\"button\"><\/a><a class=\"wp-block-jetpack-slideshow_button-next swiper-button-next swiper-button-white\" role=\"button\"><\/a><a aria-label=\"Pause Slideshow\" class=\"wp-block-jetpack-slideshow_button-pause\" role=\"button\"><\/a><div class=\"wp-block-jetpack-slideshow_pagination swiper-pagination swiper-pagination-white\"><\/div><\/div><\/div>\n\n\n\n<div class=\"wp-block-columns alignwide is-layout-flex wp-container-core-columns-is-layout-9d6595d7 wp-block-columns-is-layout-flex\">\n<div class=\"wp-block-column is-layout-flow wp-block-column-is-layout-flow\"><\/div>\n<\/div>\n\n\n\n\n\n<p><\/p>\n","protected":false},"excerpt":{"rendered":"<p>Cultivez votre sant\u00e9 ! La premi\u00e8re \u00e9tape vers le changement est la prise de conscience. Si vous \u00eates sur ce site, c\u2019est que vous avez d\u00e9j\u00e0 entam\u00e9 cette \u00e9tape. L\u2019\u00e9tincelle de l\u2019envie de changer est l\u00e0 mais par o\u00f9 commencer ? Vers qui se tourner ? Quels sont mes besoins r\u00e9els ? C\u2019est s\u00fbrement les questions que vous vous posez. Mon r\u00f4le est de vous donner les cl\u00e9s qui vont vous permettre de mettre en place ces changements.&nbsp;\u00c0 travers une approche holistique et naturelle, je vous accompagne avec diff\u00e9rents outils pour retrouver vitalit\u00e9, l\u00e9g\u00e8ret\u00e9 et harmonie int\u00e9rieure. Votre corps est votre premier alli\u00e9. Il est le reflet de vos choix, de votre mode de vie et de vos \u00e9motions non exprim\u00e9es.Lorsque le corps est en d\u00e9s\u00e9quilibre, il manifeste des signaux clairs que l&rsquo;on appelle sympt\u00f4mes : maux de t\u00eate, fatigue inexpliqu\u00e9e, douleurs chroniques, troubles digestifs, inflammations, troubles du sommeil, &#8230; \u00c9coutez votre corps, lib\u00e9rez vos blocages et retrouvez la vitalit\u00e9. Mes accompagnements La&nbsp;naturopathie&nbsp;a une approche holistique qui s&rsquo;int\u00e9resse \u00e0 l&rsquo;individu dans sa globalit\u00e9 au sein de son environnement. La recherche de la cause des d\u00e9s\u00e9quilibres autant physique qu&rsquo;\u00e9motionnel est le point de d\u00e9part de cette accompagnement. S&rsquo;en suit des conseils individualis\u00e9es sur diff\u00e9rentes th\u00e9matiques tels que l&rsquo;alimentation, l&rsquo;activit\u00e9 physique, la respiration, la gestion du stress et des \u00e9motions. Une m\u00e9thode unique qui associe kin\u00e9siologie, mouvements oculaires proche de l\u2019EMDR, MTC (M\u00e9decine Traditionnelle Chinoise) et points d&rsquo;accupression. V\u00e9ritable th\u00e9rapie naturelle,&nbsp;la&nbsp;M\u00e9thode JMV\u00ae&nbsp;vise \u00e0 chercher les causes d\u2019un blocage ou d\u00e9s\u00e9quilibre physique, mental ou \u00e9motionnel et \u00e0 corriger les perturbations pour permettre \u00e0 l\u2019organisme de s\u2019autor\u00e9guler. Un drainage complet appel\u00e9\u00a0massage \u00e9nerg\u00e9tique drainant (MED)\u00a0qui associe des man\u0153uvres de drainage lymphatique br\u00e9silien, de stimulation de points d\u2019acupression\u2002(MTC) et de r\u00e9flexologie plantaire. C\u2019est le massage qu\u2019il vous faut pour relancer le syst\u00e8me lymphatique et\u00a0d\u00e9toxifier votre organisme\u00a0! Une pratique de respiration consciente qui permet d\u2019atteindre un \u00e9tat de bien-\u00eatre profond en agissant sur le corps, le mental et la lib\u00e9ration des \u00e9motions. Gr\u00e2ce \u00e0 des techniques sp\u00e9cifiques, il aide \u00e0\u00a0r\u00e9duire le stress, lib\u00e9rer les tensions et favoriser un \u00e9tat de clart\u00e9 mentale. En r\u00e9unissant naturopathie, drainage lymphatique, m\u00e9thode JMV et breathwork, je vous accompagne de mani\u00e8re holistique et compl\u00e8te. Chaque outil me permet de m&rsquo;adapter \u00e0 votre besoin en fonction de votre probl\u00e9matique pour tenter de r\u00e9concilier votre corps, votre mental et vos \u00e9motions pour retrouver un \u00e9quilibre profond. Vos t\u00e9moignages<\/p>\n","protected":false},"author":2,"featured_media":0,"parent":0,"menu_order":0,"comment_status":"closed","ping_status":"closed","template":"","meta":{"footnotes":""},"class_list":["post-458","page","type-page","status-publish","hentry"],"_links":{"self":[{"href":"https:\/\/www.amenaturopathe.com\/index.php?rest_route=\/wp\/v2\/pages\/458","targetHints":{"allow":["GET"]}}],"collection":[{"href":"https:\/\/www.amenaturopathe.com\/index.php?rest_route=\/wp\/v2\/pages"}],"about":[{"href":"https:\/\/www.amenaturopathe.com\/index.php?rest_route=\/wp\/v2\/types\/page"}],"author":[{"embeddable":true,"href":"https:\/\/www.amenaturopathe.com\/index.php?rest_route=\/wp\/v2\/users\/2"}],"replies":[{"embeddable":true,"href":"https:\/\/www.amenaturopathe.com\/index.php?rest_route=%2Fwp%2Fv2%2Fcomments&post=458"}],"version-history":[{"count":0,"href":"https:\/\/www.amenaturopathe.com\/index.php?rest_route=\/wp\/v2\/pages\/458\/revisions"}],"wp:attachment":[{"href":"https:\/\/www.amenaturopathe.com\/index.php?rest_route=%2Fwp%2Fv2%2Fmedia&parent=458"}],"curies":[{"name":"wp","href":"https:\/\/api.w.org\/{rel}","templated":true}]}}