{"id":47,"date":"2021-10-01T13:10:53","date_gmt":"2021-10-01T11:10:53","guid":{"rendered":"https:\/\/amenaturo.wpcomstaging.com\/?page_id=47"},"modified":"2021-10-01T13:10:53","modified_gmt":"2021-10-01T11:10:53","slug":"qui-suis-je","status":"publish","type":"page","link":"https:\/\/www.amenaturopathe.com\/?page_id=47","title":{"rendered":"Qui suis-je ?"},"content":{"rendered":"\n<div class=\"wp-block-columns is-layout-flex wp-container-core-columns-is-layout-9d6595d7 wp-block-columns-is-layout-flex\">\n<div class=\"wp-block-column is-layout-flow wp-block-column-is-layout-flow\" style=\"flex-basis:66.66%\">\n<p><\/p>\n<\/div>\n<\/div>\n\n\n\n<p class=\"has-foreground-color has-text-color\">Je suis <em><strong>Am\u00e9lia Lemire<\/strong> <\/em>et j\u2019accompagne celles et ceux qui souhaitent retrouver un sens, une harmonie, un rapport plus apais\u00e9 \u00e0 leur corps et \u00e0 leur esprit.<br>Mon parcours s\u2019est construit naturellement autour de l\u2019humain, de l\u2019\u00e9coute et d\u2019une profonde envie d\u2019accompagner chacun \u00e0 (re)trouver son \u00e9quilibre int\u00e9rieur.<\/p>\n\n\n\n<figure class=\"wp-block-image size-large\"><img loading=\"lazy\" decoding=\"async\" width=\"1920\" height=\"1281\" src=\"https:\/\/www.amenaturopathe.com\/wp-content\/uploads\/2025\/12\/amelia-lemire-naturopathe-breathwork-drainage-lymphatique-massage-reze-nantes-les-sorinieres-basse-goulaine-6.jpg?w=750\" alt=\"\" class=\"wp-image-1660\" srcset=\"https:\/\/www.amenaturopathe.com\/wp-content\/uploads\/2025\/12\/amelia-lemire-naturopathe-breathwork-drainage-lymphatique-massage-reze-nantes-les-sorinieres-basse-goulaine-6.jpg 1920w, https:\/\/www.amenaturopathe.com\/wp-content\/uploads\/2025\/12\/amelia-lemire-naturopathe-breathwork-drainage-lymphatique-massage-reze-nantes-les-sorinieres-basse-goulaine-6-300x200.jpg 300w, https:\/\/www.amenaturopathe.com\/wp-content\/uploads\/2025\/12\/amelia-lemire-naturopathe-breathwork-drainage-lymphatique-massage-reze-nantes-les-sorinieres-basse-goulaine-6-1024x683.jpg 1024w, https:\/\/www.amenaturopathe.com\/wp-content\/uploads\/2025\/12\/amelia-lemire-naturopathe-breathwork-drainage-lymphatique-massage-reze-nantes-les-sorinieres-basse-goulaine-6-768x512.jpg 768w, https:\/\/www.amenaturopathe.com\/wp-content\/uploads\/2025\/12\/amelia-lemire-naturopathe-breathwork-drainage-lymphatique-massage-reze-nantes-les-sorinieres-basse-goulaine-6-1536x1025.jpg 1536w\" sizes=\"auto, (max-width: 1920px) 100vw, 1920px\" \/><\/figure>\n\n\n\n<h2 class=\"wp-block-heading has-text-color\" id=\"mon-parcours\" style=\"color:#087884\">Mon parcours<\/h2>\n\n\n\n<p class=\"has-text-color\" style=\"color:#000000\">Apr\u00e8s des \u00e9tudes en <strong>di\u00e9t\u00e9tique<\/strong>, j\u2019ai choisi de me former \u00e0 la <strong>p\u00e2tisserie<\/strong>. J\u2019ai int\u00e9gr\u00e9 le relais dessert de <em>Vincent Guerlais<\/em> en alternance et obtenu mon CAP P\u00e2tissier en 2014. J\u2019ai ensuite travaill\u00e9 plusieurs ann\u00e9es en restauration et en traiteur, o\u00f9 j\u2019ai pu exprimer pleinement ma cr\u00e9ativit\u00e9 en imaginant des petites douceurs.<\/p>\n\n\n\n<p>Pour des raisons personnelles, j\u2019ai quitt\u00e9 ce milieu pour rejoindre la p\u00e2tisserie en grande distribution.<br>C\u2019est \u00e0 ce moment-l\u00e0 que j\u2019ai d\u00e9couvert ce que signifiait r\u00e9ellement le terme \u00ab travail alimentaire \u00bb. Le manque de libert\u00e9 et de cr\u00e9ativit\u00e9 a cr\u00e9\u00e9 un profond d\u00e9calage entre mes valeurs et mon quotidien. Ce n\u2019\u00e9tait ni la faute du m\u00e9tier ni celle de l\u2019entreprise : simplement une voie qui ne me correspondait plus mais par obligations financi\u00e8res, j&rsquo;ai lutt\u00e9. <\/p>\n\n\n\n<p>Peu \u00e0 peu, ce d\u00e9salignement m\u2019a entra\u00een\u00e9e dans un cercle vicieux : <strong>addiction au sucre, craquages, frustration, culpabilit\u00e9, sport excessif\u2026<\/strong><br>Proche du burn-out, mon corps a commenc\u00e9 \u00e0 multiplier les signaux : <strong>probl\u00e8mes digestifs, insomnies, syndrome pr\u00e9menstruel, fatigue chronique, stress, prise de poids, ralentissement du m\u00e9tabolisme\u2026<\/strong><br>Lorsque l\u2019on ne s\u2019\u00e9coute plus, le corps finit toujours par nous rappeler \u00e0 l\u2019ordre (MAL-A-DIT).<\/p>\n\n\n\n<p class=\"has-text-align-left has-text-color\" style=\"color:#000000\">Le diagnostic de la <strong>maladie d\u2019Hashimoto<\/strong> a \u00e9t\u00e9 un tournant. Mon corps m\u2019envoyait un message clair : <strong>ralentir<\/strong>.<br>J\u2019ai alors compris que mes besoins, mes limites et mon \u00e9quilibre vital ne pouvaient plus \u00eatre ignor\u00e9s. J&rsquo;ai cherch\u00e9 des solutions, j&rsquo;ai stopp\u00e9 ce contre quoi je luttais, &#8230;<\/p>\n\n\n\n<p>Consciente de ce qui se jouait en moi et autour de moi, j\u2019ai ressenti le besoin de revenir vers ce qui m\u2019animait vraiment :  comprendre, transmettre et accompagner les autres vers un mieux-\u00eatre durable. La di\u00e9t\u00e9tique ne me correspondait plus \u2014 j\u2019avais besoin d\u2019un accompagnement plus global, plus humain, plus align\u00e9.<\/p>\n\n\n\n<h2 class=\"wp-block-heading has-text-color\" id=\"la-revelation\" style=\"color:#087884\">La r\u00e9v\u00e9lation<\/h2>\n\n\n\n<div class=\"wp-block-media-text is-stacked-on-mobile\"><figure class=\"wp-block-media-text__media\"><img loading=\"lazy\" decoding=\"async\" width=\"1014\" height=\"1281\" src=\"https:\/\/www.amenaturopathe.com\/wp-content\/uploads\/2025\/12\/breathwork-amelia-lemire-reze-nantes-41.jpg?w=811\" alt=\"\" class=\"wp-image-1670 size-full\" srcset=\"https:\/\/www.amenaturopathe.com\/wp-content\/uploads\/2025\/12\/breathwork-amelia-lemire-reze-nantes-41.jpg 1014w, https:\/\/www.amenaturopathe.com\/wp-content\/uploads\/2025\/12\/breathwork-amelia-lemire-reze-nantes-41-237x300.jpg 237w, https:\/\/www.amenaturopathe.com\/wp-content\/uploads\/2025\/12\/breathwork-amelia-lemire-reze-nantes-41-811x1024.jpg 811w, https:\/\/www.amenaturopathe.com\/wp-content\/uploads\/2025\/12\/breathwork-amelia-lemire-reze-nantes-41-768x970.jpg 768w\" sizes=\"auto, (max-width: 1014px) 100vw, 1014px\" \/><\/figure><div class=\"wp-block-media-text__content\">\n<p>C\u2019est l\u00e0 que j\u2019ai d\u00e9couvert la <strong>naturopathie<\/strong>. Une r\u00e9v\u00e9lation. J&rsquo;ai donc int\u00e9gr\u00e9 une \u00e9cole de naturopathie pour 2 ans et j&rsquo;y ai trouv\u00e9 mes r\u00e9ponses. <\/p>\n\n\n\n<p>Une discipline holistique qui respecte l\u2019unicit\u00e9 de chacun, qui invite \u00e0 <strong>comprendre<\/strong> <strong>son corps<\/strong>, \u00e0 <strong>\u00e9couter ses signaux<\/strong>, \u00e0 <strong>revenir \u00e0 une hygi\u00e8ne de vie coh\u00e9rente et vivante<\/strong>. En changeant ma mani\u00e8re de penser, de respirer, de me nourrir, \u2026 j\u2019ai retrouv\u00e9 une stabilit\u00e9, une vitalit\u00e9 et une compr\u00e9hension profonde de moi-m\u00eame.<\/p>\n\n\n\n<p>Ce chemin de transformation m\u2019a men\u00e9e naturellement vers d\u2019autres pratiques compl\u00e9mentaires et profondes comme la <strong><a href=\"https:\/\/www.amenaturopathe.com\/methode-jmv\/\">JMV<\/a><\/strong>, le <strong><a href=\"https:\/\/www.amenaturopathe.com\/breathwork\/\">Breathwork<\/a><\/strong> et le <strong><a href=\"https:\/\/www.amenaturopathe.com\/drainage-lymphatique\/\">Drainage MED<\/a><\/strong>, qui allient corps, mental et \u00e9motions. Aujourd\u2019hui, ce sont les piliers de mon approche.<\/p>\n<\/div><\/div>\n\n\n\n<p>Mon accompagnement est le reflet de tout ce que j\u2019ai travers\u00e9 et ce dont j&rsquo;aurais eu besoin :<br>&#8211; une \u00e9coute authentique<br>&#8211; une compr\u00e9hension profonde du corps et de ses signaux<br>&#8211; une approche douce, individualis\u00e9e et respectueuse<br>&#8211; une volont\u00e9 sinc\u00e8re de transmettre mes connaissances \u00e0 l&rsquo;aide d&rsquo;outils concrets et transformateurs<\/p>\n\n\n\n<p>Si tu es ici, c\u2019est que tu es certainement dans une qu\u00eate de changement et de transformation,&#8230;<br>Et je serai ravie de t\u2019accompagner sur cette voie !<\/p>\n\n\n\n<p><\/p>\n","protected":false},"excerpt":{"rendered":"<p>Je suis Am\u00e9lia Lemire et j\u2019accompagne celles et ceux qui souhaitent retrouver un sens, une harmonie, un rapport plus apais\u00e9 \u00e0 leur corps et \u00e0 leur esprit.Mon parcours s\u2019est construit naturellement autour de l\u2019humain, de l\u2019\u00e9coute et d\u2019une profonde envie d\u2019accompagner chacun \u00e0 (re)trouver son \u00e9quilibre int\u00e9rieur. Mon parcours Apr\u00e8s des \u00e9tudes en di\u00e9t\u00e9tique, j\u2019ai choisi de me former \u00e0 la p\u00e2tisserie. J\u2019ai int\u00e9gr\u00e9 le relais dessert de Vincent Guerlais en alternance et obtenu mon CAP P\u00e2tissier en 2014. J\u2019ai ensuite travaill\u00e9 plusieurs ann\u00e9es en restauration et en traiteur, o\u00f9 j\u2019ai pu exprimer pleinement ma cr\u00e9ativit\u00e9 en imaginant des petites douceurs. Pour des raisons personnelles, j\u2019ai quitt\u00e9 ce milieu pour rejoindre la p\u00e2tisserie en grande distribution.C\u2019est \u00e0 ce moment-l\u00e0 que j\u2019ai d\u00e9couvert ce que signifiait r\u00e9ellement le terme \u00ab travail alimentaire \u00bb. Le manque de libert\u00e9 et de cr\u00e9ativit\u00e9 a cr\u00e9\u00e9 un profond d\u00e9calage entre mes valeurs et mon quotidien. Ce n\u2019\u00e9tait ni la faute du m\u00e9tier ni celle de l\u2019entreprise : simplement une voie qui ne me correspondait plus mais par obligations financi\u00e8res, j&rsquo;ai lutt\u00e9. Peu \u00e0 peu, ce d\u00e9salignement m\u2019a entra\u00een\u00e9e dans un cercle vicieux : addiction au sucre, craquages, frustration, culpabilit\u00e9, sport excessif\u2026Proche du burn-out, mon corps a commenc\u00e9 \u00e0 multiplier les signaux : probl\u00e8mes digestifs, insomnies, syndrome pr\u00e9menstruel, fatigue chronique, stress, prise de poids, ralentissement du m\u00e9tabolisme\u2026Lorsque l\u2019on ne s\u2019\u00e9coute plus, le corps finit toujours par nous rappeler \u00e0 l\u2019ordre (MAL-A-DIT). Le diagnostic de la maladie d\u2019Hashimoto a \u00e9t\u00e9 un tournant. Mon corps m\u2019envoyait un message clair : ralentir.J\u2019ai alors compris que mes besoins, mes limites et mon \u00e9quilibre vital ne pouvaient plus \u00eatre ignor\u00e9s. J&rsquo;ai cherch\u00e9 des solutions, j&rsquo;ai stopp\u00e9 ce contre quoi je luttais, &#8230; Consciente de ce qui se jouait en moi et autour de moi, j\u2019ai ressenti le besoin de revenir vers ce qui m\u2019animait vraiment : comprendre, transmettre et accompagner les autres vers un mieux-\u00eatre durable. La di\u00e9t\u00e9tique ne me correspondait plus \u2014 j\u2019avais besoin d\u2019un accompagnement plus global, plus humain, plus align\u00e9. La r\u00e9v\u00e9lation C\u2019est l\u00e0 que j\u2019ai d\u00e9couvert la naturopathie. Une r\u00e9v\u00e9lation. J&rsquo;ai donc int\u00e9gr\u00e9 une \u00e9cole de naturopathie pour 2 ans et j&rsquo;y ai trouv\u00e9 mes r\u00e9ponses. Une discipline holistique qui respecte l\u2019unicit\u00e9 de chacun, qui invite \u00e0 comprendre son corps, \u00e0 \u00e9couter ses signaux, \u00e0 revenir \u00e0 une hygi\u00e8ne de vie coh\u00e9rente et vivante. En changeant ma mani\u00e8re de penser, de respirer, de me nourrir, \u2026 j\u2019ai retrouv\u00e9 une stabilit\u00e9, une vitalit\u00e9 et une compr\u00e9hension profonde de moi-m\u00eame. Ce chemin de transformation m\u2019a men\u00e9e naturellement vers d\u2019autres pratiques compl\u00e9mentaires et profondes comme la JMV, le Breathwork et le Drainage MED, qui allient corps, mental et \u00e9motions. Aujourd\u2019hui, ce sont les piliers de mon approche. Mon accompagnement est le reflet de tout ce que j\u2019ai travers\u00e9 et ce dont j&rsquo;aurais eu besoin :&#8211; une \u00e9coute authentique&#8211; une compr\u00e9hension profonde du corps et de ses signaux&#8211; une approche douce, individualis\u00e9e et respectueuse&#8211; une volont\u00e9 sinc\u00e8re de transmettre mes connaissances \u00e0 l&rsquo;aide d&rsquo;outils concrets et transformateurs Si tu es ici, c\u2019est que tu es certainement dans une qu\u00eate de changement et de transformation,&#8230;Et je serai ravie de t\u2019accompagner sur cette voie !<\/p>\n","protected":false},"author":2,"featured_media":1668,"parent":0,"menu_order":0,"comment_status":"closed","ping_status":"closed","template":"","meta":{"footnotes":""},"class_list":["post-47","page","type-page","status-publish","has-post-thumbnail","hentry"],"_links":{"self":[{"href":"https:\/\/www.amenaturopathe.com\/index.php?rest_route=\/wp\/v2\/pages\/47","targetHints":{"allow":["GET"]}}],"collection":[{"href":"https:\/\/www.amenaturopathe.com\/index.php?rest_route=\/wp\/v2\/pages"}],"about":[{"href":"https:\/\/www.amenaturopathe.com\/index.php?rest_route=\/wp\/v2\/types\/page"}],"author":[{"embeddable":true,"href":"https:\/\/www.amenaturopathe.com\/index.php?rest_route=\/wp\/v2\/users\/2"}],"replies":[{"embeddable":true,"href":"https:\/\/www.amenaturopathe.com\/index.php?rest_route=%2Fwp%2Fv2%2Fcomments&post=47"}],"version-history":[{"count":0,"href":"https:\/\/www.amenaturopathe.com\/index.php?rest_route=\/wp\/v2\/pages\/47\/revisions"}],"wp:featuredmedia":[{"embeddable":true,"href":"https:\/\/www.amenaturopathe.com\/index.php?rest_route=\/wp\/v2\/media\/1668"}],"wp:attachment":[{"href":"https:\/\/www.amenaturopathe.com\/index.php?rest_route=%2Fwp%2Fv2%2Fmedia&parent=47"}],"curies":[{"name":"wp","href":"https:\/\/api.w.org\/{rel}","templated":true}]}}

<div class="wp-block-columns is-layout-flex wp-container-core-columns-is-layout-9d6595d7 wp-block-columns-is-layout-flex">
<div class="wp-block-column is-layout-flow wp-block-column-is-layout-flow" style="flex-basis:66.66%">
<p></p>
</div>
</div>



<p class="has-foreground-color has-text-color">Je suis <em><strong>Amélia Lemire</strong> </em>et j’accompagne celles et ceux qui souhaitent retrouver un sens, une harmonie, un rapport plus apaisé à leur corps et à leur esprit.<br>Mon parcours s’est construit naturellement autour de l’humain, de l’écoute et d’une profonde envie d’accompagner chacun à (re)trouver son équilibre intérieur.</p>



<figure class="wp-block-image size-large"><img loading="lazy" decoding="async" width="1920" height="1281" src="https://www.amenaturopathe.com/wp-content/uploads/2025/12/amelia-lemire-naturopathe-breathwork-drainage-lymphatique-massage-reze-nantes-les-sorinieres-basse-goulaine-6.jpg?w=750" alt="" class="wp-image-1660" srcset="https://www.amenaturopathe.com/wp-content/uploads/2025/12/amelia-lemire-naturopathe-breathwork-drainage-lymphatique-massage-reze-nantes-les-sorinieres-basse-goulaine-6.jpg 1920w, https://www.amenaturopathe.com/wp-content/uploads/2025/12/amelia-lemire-naturopathe-breathwork-drainage-lymphatique-massage-reze-nantes-les-sorinieres-basse-goulaine-6-300x200.jpg 300w, https://www.amenaturopathe.com/wp-content/uploads/2025/12/amelia-lemire-naturopathe-breathwork-drainage-lymphatique-massage-reze-nantes-les-sorinieres-basse-goulaine-6-1024x683.jpg 1024w, https://www.amenaturopathe.com/wp-content/uploads/2025/12/amelia-lemire-naturopathe-breathwork-drainage-lymphatique-massage-reze-nantes-les-sorinieres-basse-goulaine-6-768x512.jpg 768w, https://www.amenaturopathe.com/wp-content/uploads/2025/12/amelia-lemire-naturopathe-breathwork-drainage-lymphatique-massage-reze-nantes-les-sorinieres-basse-goulaine-6-1536x1025.jpg 1536w" sizes="auto, (max-width: 1920px) 100vw, 1920px" /></figure>



<h2 class="wp-block-heading has-text-color" id="mon-parcours" style="color:#087884">Mon parcours</h2>



<p class="has-text-color" style="color:#000000">Après des études en <strong>diététique</strong>, j’ai choisi de me former à la <strong>pâtisserie</strong>. J’ai intégré le relais dessert de <em>Vincent Guerlais</em> en alternance et obtenu mon CAP Pâtissier en 2014. J’ai ensuite travaillé plusieurs années en restauration et en traiteur, où j’ai pu exprimer pleinement ma créativité en imaginant des petites douceurs.</p>



<p>Pour des raisons personnelles, j’ai quitté ce milieu pour rejoindre la pâtisserie en grande distribution.<br>C’est à ce moment-là que j’ai découvert ce que signifiait réellement le terme « travail alimentaire ». Le manque de liberté et de créativité a créé un profond décalage entre mes valeurs et mon quotidien. Ce n’était ni la faute du métier ni celle de l’entreprise : simplement une voie qui ne me correspondait plus mais par obligations financières, j&rsquo;ai lutté. </p>



<p>Peu à peu, ce désalignement m’a entraînée dans un cercle vicieux : <strong>addiction au sucre, craquages, frustration, culpabilité, sport excessif…</strong><br>Proche du burn-out, mon corps a commencé à multiplier les signaux : <strong>problèmes digestifs, insomnies, syndrome prémenstruel, fatigue chronique, stress, prise de poids, ralentissement du métabolisme…</strong><br>Lorsque l’on ne s’écoute plus, le corps finit toujours par nous rappeler à l’ordre (MAL-A-DIT).</p>



<p class="has-text-align-left has-text-color" style="color:#000000">Le diagnostic de la <strong>maladie d’Hashimoto</strong> a été un tournant. Mon corps m’envoyait un message clair : <strong>ralentir</strong>.<br>J’ai alors compris que mes besoins, mes limites et mon équilibre vital ne pouvaient plus être ignorés. J&rsquo;ai cherché des solutions, j&rsquo;ai stoppé ce contre quoi je luttais, &#8230;</p>



<p>Consciente de ce qui se jouait en moi et autour de moi, j’ai ressenti le besoin de revenir vers ce qui m’animait vraiment :  comprendre, transmettre et accompagner les autres vers un mieux-être durable. La diététique ne me correspondait plus — j’avais besoin d’un accompagnement plus global, plus humain, plus aligné.</p>



<h2 class="wp-block-heading has-text-color" id="la-revelation" style="color:#087884">La révélation</h2>



<div class="wp-block-media-text is-stacked-on-mobile"><figure class="wp-block-media-text__media"><img loading="lazy" decoding="async" width="1014" height="1281" src="https://www.amenaturopathe.com/wp-content/uploads/2025/12/breathwork-amelia-lemire-reze-nantes-41.jpg?w=811" alt="" class="wp-image-1670 size-full" srcset="https://www.amenaturopathe.com/wp-content/uploads/2025/12/breathwork-amelia-lemire-reze-nantes-41.jpg 1014w, https://www.amenaturopathe.com/wp-content/uploads/2025/12/breathwork-amelia-lemire-reze-nantes-41-237x300.jpg 237w, https://www.amenaturopathe.com/wp-content/uploads/2025/12/breathwork-amelia-lemire-reze-nantes-41-811x1024.jpg 811w, https://www.amenaturopathe.com/wp-content/uploads/2025/12/breathwork-amelia-lemire-reze-nantes-41-768x970.jpg 768w" sizes="auto, (max-width: 1014px) 100vw, 1014px" /></figure><div class="wp-block-media-text__content">
<p>C’est là que j’ai découvert la <strong>naturopathie</strong>. Une révélation. J&rsquo;ai donc intégré une école de naturopathie pour 2 ans et j&rsquo;y ai trouvé mes réponses. </p>



<p>Une discipline holistique qui respecte l’unicité de chacun, qui invite à <strong>comprendre</strong> <strong>son corps</strong>, à <strong>écouter ses signaux</strong>, à <strong>revenir à une hygiène de vie cohérente et vivante</strong>. En changeant ma manière de penser, de respirer, de me nourrir, … j’ai retrouvé une stabilité, une vitalité et une compréhension profonde de moi-même.</p>



<p>Ce chemin de transformation m’a menée naturellement vers d’autres pratiques complémentaires et profondes comme la <strong><a href="https://www.amenaturopathe.com/methode-jmv/">JMV</a></strong>, le <strong><a href="https://www.amenaturopathe.com/breathwork/">Breathwork</a></strong> et le <strong><a href="https://www.amenaturopathe.com/drainage-lymphatique/">Drainage MED</a></strong>, qui allient corps, mental et émotions. Aujourd’hui, ce sont les piliers de mon approche.</p>
</div></div>



<p>Mon accompagnement est le reflet de tout ce que j’ai traversé et ce dont j&rsquo;aurais eu besoin :<br>&#8211; une écoute authentique<br>&#8211; une compréhension profonde du corps et de ses signaux<br>&#8211; une approche douce, individualisée et respectueuse<br>&#8211; une volonté sincère de transmettre mes connaissances à l&rsquo;aide d&rsquo;outils concrets et transformateurs</p>



<p>Si tu es ici, c’est que tu es certainement dans une quête de changement et de transformation,&#8230;<br>Et je serai ravie de t’accompagner sur cette voie !</p>



<p></p>

<p>Je suis Amélia Lemire et j’accompagne celles et ceux qui souhaitent retrouver un sens, une harmonie, un rapport plus apaisé à leur corps et à leur esprit.Mon parcours s’est construit naturellement autour de l’humain, de l’écoute et d’une profonde envie d’accompagner chacun à (re)trouver son équilibre intérieur. Mon parcours Après des études en diététique, j’ai choisi de me former à la pâtisserie. J’ai intégré le relais dessert de Vincent Guerlais en alternance et obtenu mon CAP Pâtissier en 2014. J’ai ensuite travaillé plusieurs années en restauration et en traiteur, où j’ai pu exprimer pleinement ma créativité en imaginant des petites douceurs. Pour des raisons personnelles, j’ai quitté ce milieu pour rejoindre la pâtisserie en grande distribution.C’est à ce moment-là que j’ai découvert ce que signifiait réellement le terme « travail alimentaire ». Le manque de liberté et de créativité a créé un profond décalage entre mes valeurs et mon quotidien. Ce n’était ni la faute du métier ni celle de l’entreprise : simplement une voie qui ne me correspondait plus mais par obligations financières, j&rsquo;ai lutté. Peu à peu, ce désalignement m’a entraînée dans un cercle vicieux : addiction au sucre, craquages, frustration, culpabilité, sport excessif…Proche du burn-out, mon corps a commencé à multiplier les signaux : problèmes digestifs, insomnies, syndrome prémenstruel, fatigue chronique, stress, prise de poids, ralentissement du métabolisme…Lorsque l’on ne s’écoute plus, le corps finit toujours par nous rappeler à l’ordre (MAL-A-DIT). Le diagnostic de la maladie d’Hashimoto a été un tournant. Mon corps m’envoyait un message clair : ralentir.J’ai alors compris que mes besoins, mes limites et mon équilibre vital ne pouvaient plus être ignorés. J&rsquo;ai cherché des solutions, j&rsquo;ai stoppé ce contre quoi je luttais, &#8230; Consciente de ce qui se jouait en moi et autour de moi, j’ai ressenti le besoin de revenir vers ce qui m’animait vraiment : comprendre, transmettre et accompagner les autres vers un mieux-être durable. La diététique ne me correspondait plus — j’avais besoin d’un accompagnement plus global, plus humain, plus aligné. La révélation C’est là que j’ai découvert la naturopathie. Une révélation. J&rsquo;ai donc intégré une école de naturopathie pour 2 ans et j&rsquo;y ai trouvé mes réponses. Une discipline holistique qui respecte l’unicité de chacun, qui invite à comprendre son corps, à écouter ses signaux, à revenir à une hygiène de vie cohérente et vivante. En changeant ma manière de penser, de respirer, de me nourrir, … j’ai retrouvé une stabilité, une vitalité et une compréhension profonde de moi-même. Ce chemin de transformation m’a menée naturellement vers d’autres pratiques complémentaires et profondes comme la JMV, le Breathwork et le Drainage MED, qui allient corps, mental et émotions. Aujourd’hui, ce sont les piliers de mon approche. Mon accompagnement est le reflet de tout ce que j’ai traversé et ce dont j&rsquo;aurais eu besoin :&#8211; une écoute authentique&#8211; une compréhension profonde du corps et de ses signaux&#8211; une approche douce, individualisée et respectueuse&#8211; une volonté sincère de transmettre mes connaissances à l&rsquo;aide d&rsquo;outils concrets et transformateurs Si tu es ici, c’est que tu es certainement dans une quête de changement et de transformation,&#8230;Et je serai ravie de t’accompagner sur cette voie !</p>
