{"id":50,"date":"2021-10-01T13:10:57","date_gmt":"2021-10-01T11:10:57","guid":{"rendered":"https:\/\/amenaturo.wpcomstaging.com\/?page_id=50"},"modified":"2021-10-01T13:10:57","modified_gmt":"2021-10-01T11:10:57","slug":"naturopathie","status":"publish","type":"page","link":"https:\/\/www.amenaturopathe.com\/?page_id=50","title":{"rendered":"Naturopathie"},"content":{"rendered":"<div class=\"wp-block-image\">\n<figure class=\"alignright size-large is-resized\"><img decoding=\"async\" src=\"https:\/\/www.amenaturopathe.com\/wp-content\/uploads\/2024\/04\/amelia-lemire-naturopathe-reze.jpg?w=768\" alt=\"\" class=\"wp-image-984\" style=\"aspect-ratio:1.1339285714285714;width:311px;height:auto\" \/><\/figure>\n<\/div>\n\n\n<p><mark style=\"background-color:rgba(0, 0, 0, 0);color:#040506\" class=\"has-inline-color\">Lors de notre premier RDV, nous prendrons 1H30 pour faire le tour de vos ant\u00e9c\u00e9dents, de vos troubles, de vos habitudes alimentaires et de votre hygi\u00e8ne de vie au quotidien. A l&rsquo;issue de cette rencontre, je vous enverrai un bilan par mail qui reprendra tous les conseils donn\u00e9s. <\/mark><\/p>\n\n\n\n<p><mark style=\"background-color:rgba(0, 0, 0, 0);color:#070707\" class=\"has-inline-color\">Nous pourrons ensuite fixer un second RDV de suivi pour faire un bilan de ces premi\u00e8res semaines et r\u00e9ajuster ou ajouter de nouveaux conseils pour atteindre votre objectif. <\/mark><\/p>\n\n\n\n<h2 class=\"wp-block-heading\">Pourquoi me consulter ? <\/h2>\n\n\n\n<ul class=\"wp-block-list\">\n<li><mark style=\"background-color:rgba(0, 0, 0, 0);color:#087884\" class=\"has-inline-color\"><strong>En pr\u00e9vention<\/strong> :<\/mark> <mark style=\"background-color:rgba(0, 0, 0, 0);color:#030404\" class=\"has-inline-color\">pour optimiser sa sant\u00e9, sa vitalit\u00e9<\/mark><\/li>\n\n\n\n<li><mark style=\"background-color:rgba(0, 0, 0, 0);color:#087884\" class=\"has-inline-color\"><strong>Gagner en \u00e9nergie<\/strong>&nbsp;: <\/mark><mark style=\"background-color:rgba(0, 0, 0, 0);color:#040506\" class=\"has-inline-color\">fatigue chronique ou passag\u00e8re, manque d&rsquo;\u00e9nergie, convalescence<\/mark><\/li>\n\n\n\n<li><mark style=\"background-color:rgba(0, 0, 0, 0);color:#087884\" class=\"has-inline-color\"><strong>Soulager des&nbsp;troubles chroniques<\/strong>&nbsp;:<\/mark><mark style=\"background-color:rgba(0, 0, 0, 0)\" class=\"has-inline-color has-secondary-color\">&nbsp;<\/mark><mark style=\"background-color:rgba(0, 0, 0, 0);color:#000000\" class=\"has-inline-color\">digestifs, circulatoires, respiratoires, articulaires, allergiques, rhumatismes,&nbsp;acn\u00e9iques, probl\u00e8mes de peau<\/mark><\/li>\n\n\n\n<li>&nbsp;<mark style=\"background-color:rgba(0, 0, 0, 0);color:#087884\" class=\"has-inline-color\"><strong>Adapter&nbsp;son alimentation<\/strong>&nbsp;: <\/mark><mark style=\"background-color:rgba(0, 0, 0, 0);color:#060606\" class=\"has-inline-color\">r\u00e9\u00e9quilibrage,&nbsp;troubles alimentaires, intol\u00e9rances alimentaires,&nbsp;comp\u00e9tition sportive<\/mark><\/li>\n\n\n\n<li><mark style=\"background-color:rgba(0, 0, 0, 0);color:#087884\" class=\"has-inline-color\"><strong>Retrouver son poids de forme<\/strong>&nbsp;: <\/mark><mark style=\"background-color:rgba(0, 0, 0, 0);color:#060606\" class=\"has-inline-color\">surcharge pond\u00e9rale, prise de poids ou de masse<\/mark><\/li>\n\n\n\n<li><mark style=\"background-color:rgba(0, 0, 0, 0);color:#087884\" class=\"has-inline-color\"><strong>Evacuer le mauvais stress et am\u00e9liorer la gestion de ses \u00e9motions<\/strong>&nbsp;:<\/mark> <mark style=\"background-color:rgba(0, 0, 0, 0);color:#020607\" class=\"has-inline-color\">angoisses, d\u00e9prime,&nbsp;col\u00e8re, &nbsp;\u00e9motions refoul\u00e9es, mauvaise estime de soi, examens<\/mark><\/li>\n\n\n\n<li><mark style=\"background-color:rgba(0, 0, 0, 0);color:#087884\" class=\"has-inline-color\"><strong>Mieux dormir&nbsp;<\/strong>:<\/mark> <mark style=\"background-color:rgba(0, 0, 0, 0);color:#050707\" class=\"has-inline-color\">insomnie, difficult\u00e9s d&rsquo;endormissement,&nbsp; r\u00e9veil nocturne<\/mark><\/li>\n\n\n\n<li><mark style=\"background-color:rgba(0, 0, 0, 0);color:#087884\" class=\"has-inline-color\"><strong>Renforcer ses d\u00e9fenses immunitaires<\/strong>&nbsp;:<\/mark> <mark style=\"background-color:rgba(0, 0, 0, 0);color:#000000\" class=\"has-inline-color\">infections \u00e0&nbsp;r\u00e9p\u00e9tition<\/mark><mark style=\"background-color:rgba(0, 0, 0, 0);color:#0f0f0f\" class=\"has-inline-color\">, allergies, auto-immunit\u00e9<\/mark><\/li>\n\n\n\n<li><mark style=\"background-color:rgba(0, 0, 0, 0);color:#087884\" class=\"has-inline-color\"><strong>Equilibrer son syst\u00e8me hormonal<\/strong>&nbsp;:<\/mark> <mark style=\"background-color:rgba(0, 0, 0, 0);color:#000000\" class=\"has-inline-color\">troubles&nbsp;pr\u00e9menstruels,&nbsp;am\u00e9norrh\u00e9e, d\u00e9r\u00e8glement thyro\u00efdie<\/mark><mark style=\"background-color:rgba(0, 0, 0, 0);color:#030303\" class=\"has-inline-color\">n<\/mark><\/li>\n<\/ul>\n\n\n\n<div class=\"wp-block-buttons is-content-justification-center is-layout-flex wp-container-core-buttons-is-layout-16018d1d wp-block-buttons-is-layout-flex\">\n<div class=\"wp-block-button\"><a class=\"wp-block-button__link wp-element-button\">TARIF \/ PRENDRE RDV<\/a><\/div>\n<\/div>\n\n\n\n<h2 class=\"wp-block-heading\">Vos t\u00e9moignages suite \u00e0 une s\u00e9ance de naturopathie : <\/h2>\n\n\n\n<div class=\"wp-block-jetpack-slideshow aligncenter\" data-effect=\"slide\"><div class=\"wp-block-jetpack-slideshow_container swiper-container\"><ul class=\"wp-block-jetpack-slideshow_swiper-wrapper swiper-wrapper\"><li class=\"wp-block-jetpack-slideshow_slide swiper-slide\"><figure><img loading=\"lazy\" decoding=\"async\" width=\"1001\" height=\"402\" alt=\"\" class=\"wp-block-jetpack-slideshow_image wp-image-991\" data-id=\"991\" src=\"https:\/\/www.amenaturopathe.com\/wp-content\/uploads\/2024\/04\/avis-myriam-naturo.jpg?w=1001\" srcset=\"https:\/\/www.amenaturopathe.com\/wp-content\/uploads\/2024\/04\/avis-myriam-naturo.jpg 1001w, https:\/\/www.amenaturopathe.com\/wp-content\/uploads\/2024\/04\/avis-myriam-naturo-300x120.jpg 300w, https:\/\/www.amenaturopathe.com\/wp-content\/uploads\/2024\/04\/avis-myriam-naturo-768x308.jpg 768w\" sizes=\"auto, (max-width: 1001px) 100vw, 1001px\" \/><\/figure><\/li><li class=\"wp-block-jetpack-slideshow_slide swiper-slide\"><figure><img loading=\"lazy\" decoding=\"async\" width=\"996\" height=\"414\" alt=\"\" class=\"wp-block-jetpack-slideshow_image wp-image-988\" data-id=\"988\" src=\"https:\/\/www.amenaturopathe.com\/wp-content\/uploads\/2024\/04\/avis-naturo-berengere.jpg?w=996\" srcset=\"https:\/\/www.amenaturopathe.com\/wp-content\/uploads\/2024\/04\/avis-naturo-berengere.jpg 996w, https:\/\/www.amenaturopathe.com\/wp-content\/uploads\/2024\/04\/avis-naturo-berengere-300x125.jpg 300w, https:\/\/www.amenaturopathe.com\/wp-content\/uploads\/2024\/04\/avis-naturo-berengere-768x319.jpg 768w\" sizes=\"auto, (max-width: 996px) 100vw, 996px\" \/><\/figure><\/li><li class=\"wp-block-jetpack-slideshow_slide swiper-slide\"><figure><img loading=\"lazy\" decoding=\"async\" width=\"1027\" height=\"518\" alt=\"\" class=\"wp-block-jetpack-slideshow_image wp-image-997\" data-id=\"997\" src=\"https:\/\/www.amenaturopathe.com\/wp-content\/uploads\/2024\/04\/avis-naturo-elodie.jpg?w=1024\" srcset=\"https:\/\/www.amenaturopathe.com\/wp-content\/uploads\/2024\/04\/avis-naturo-elodie.jpg 1027w, https:\/\/www.amenaturopathe.com\/wp-content\/uploads\/2024\/04\/avis-naturo-elodie-300x151.jpg 300w, https:\/\/www.amenaturopathe.com\/wp-content\/uploads\/2024\/04\/avis-naturo-elodie-1024x516.jpg 1024w, https:\/\/www.amenaturopathe.com\/wp-content\/uploads\/2024\/04\/avis-naturo-elodie-768x387.jpg 768w\" sizes=\"auto, (max-width: 1027px) 100vw, 1027px\" \/><\/figure><\/li><li class=\"wp-block-jetpack-slideshow_slide swiper-slide\"><figure><img loading=\"lazy\" decoding=\"async\" width=\"1032\" height=\"622\" alt=\"\" class=\"wp-block-jetpack-slideshow_image wp-image-990\" data-id=\"990\" src=\"https:\/\/www.amenaturopathe.com\/wp-content\/uploads\/2024\/04\/avis-naturo-melanie.jpg?w=1024\" srcset=\"https:\/\/www.amenaturopathe.com\/wp-content\/uploads\/2024\/04\/avis-naturo-melanie.jpg 1032w, https:\/\/www.amenaturopathe.com\/wp-content\/uploads\/2024\/04\/avis-naturo-melanie-300x181.jpg 300w, https:\/\/www.amenaturopathe.com\/wp-content\/uploads\/2024\/04\/avis-naturo-melanie-1024x617.jpg 1024w, https:\/\/www.amenaturopathe.com\/wp-content\/uploads\/2024\/04\/avis-naturo-melanie-768x463.jpg 768w\" sizes=\"auto, (max-width: 1032px) 100vw, 1032px\" \/><\/figure><\/li><li class=\"wp-block-jetpack-slideshow_slide swiper-slide\"><figure><img loading=\"lazy\" decoding=\"async\" width=\"1011\" height=\"630\" alt=\"\" class=\"wp-block-jetpack-slideshow_image wp-image-989\" data-id=\"989\" src=\"https:\/\/www.amenaturopathe.com\/wp-content\/uploads\/2024\/04\/avis-naturopathatie-melanie.jpg?w=1011\" srcset=\"https:\/\/www.amenaturopathe.com\/wp-content\/uploads\/2024\/04\/avis-naturopathatie-melanie.jpg 1011w, https:\/\/www.amenaturopathe.com\/wp-content\/uploads\/2024\/04\/avis-naturopathatie-melanie-300x187.jpg 300w, https:\/\/www.amenaturopathe.com\/wp-content\/uploads\/2024\/04\/avis-naturopathatie-melanie-768x479.jpg 768w\" sizes=\"auto, (max-width: 1011px) 100vw, 1011px\" \/><\/figure><\/li><li class=\"wp-block-jetpack-slideshow_slide swiper-slide\"><figure><img loading=\"lazy\" decoding=\"async\" width=\"1020\" height=\"484\" alt=\"\" class=\"wp-block-jetpack-slideshow_image wp-image-992\" data-id=\"992\" src=\"https:\/\/www.amenaturopathe.com\/wp-content\/uploads\/2024\/04\/avis-naturopathie-nathalie-p.jpg?w=1020\" srcset=\"https:\/\/www.amenaturopathe.com\/wp-content\/uploads\/2024\/04\/avis-naturopathie-nathalie-p.jpg 1020w, https:\/\/www.amenaturopathe.com\/wp-content\/uploads\/2024\/04\/avis-naturopathie-nathalie-p-300x142.jpg 300w, https:\/\/www.amenaturopathe.com\/wp-content\/uploads\/2024\/04\/avis-naturopathie-nathalie-p-768x364.jpg 768w\" sizes=\"auto, (max-width: 1020px) 100vw, 1020px\" \/><\/figure><\/li><li class=\"wp-block-jetpack-slideshow_slide swiper-slide\"><figure><img loading=\"lazy\" decoding=\"async\" width=\"1032\" height=\"376\" alt=\"\" class=\"wp-block-jetpack-slideshow_image wp-image-995\" data-id=\"995\" src=\"https:\/\/www.amenaturopathe.com\/wp-content\/uploads\/2024\/04\/avis-naturopathie-isabelle-marand.jpg?w=1024\" srcset=\"https:\/\/www.amenaturopathe.com\/wp-content\/uploads\/2024\/04\/avis-naturopathie-isabelle-marand.jpg 1032w, https:\/\/www.amenaturopathe.com\/wp-content\/uploads\/2024\/04\/avis-naturopathie-isabelle-marand-300x109.jpg 300w, https:\/\/www.amenaturopathe.com\/wp-content\/uploads\/2024\/04\/avis-naturopathie-isabelle-marand-1024x373.jpg 1024w, https:\/\/www.amenaturopathe.com\/wp-content\/uploads\/2024\/04\/avis-naturopathie-isabelle-marand-768x280.jpg 768w\" sizes=\"auto, (max-width: 1032px) 100vw, 1032px\" \/><\/figure><\/li><li class=\"wp-block-jetpack-slideshow_slide swiper-slide\"><figure><img loading=\"lazy\" decoding=\"async\" width=\"1007\" height=\"641\" alt=\"\" class=\"wp-block-jetpack-slideshow_image wp-image-993\" data-id=\"993\" src=\"https:\/\/www.amenaturopathe.com\/wp-content\/uploads\/2024\/04\/avis-naturopathie-lysiane.jpg?w=1007\" srcset=\"https:\/\/www.amenaturopathe.com\/wp-content\/uploads\/2024\/04\/avis-naturopathie-lysiane.jpg 1007w, https:\/\/www.amenaturopathe.com\/wp-content\/uploads\/2024\/04\/avis-naturopathie-lysiane-300x191.jpg 300w, https:\/\/www.amenaturopathe.com\/wp-content\/uploads\/2024\/04\/avis-naturopathie-lysiane-768x489.jpg 768w\" sizes=\"auto, (max-width: 1007px) 100vw, 1007px\" \/><\/figure><\/li><li class=\"wp-block-jetpack-slideshow_slide swiper-slide\"><figure><img loading=\"lazy\" decoding=\"async\" width=\"1026\" height=\"309\" alt=\"\" class=\"wp-block-jetpack-slideshow_image wp-image-987\" data-id=\"987\" src=\"https:\/\/www.amenaturopathe.com\/wp-content\/uploads\/2024\/04\/avis-naturopathie-marine.jpg?w=1024\" srcset=\"https:\/\/www.amenaturopathe.com\/wp-content\/uploads\/2024\/04\/avis-naturopathie-marine.jpg 1026w, https:\/\/www.amenaturopathe.com\/wp-content\/uploads\/2024\/04\/avis-naturopathie-marine-300x90.jpg 300w, https:\/\/www.amenaturopathe.com\/wp-content\/uploads\/2024\/04\/avis-naturopathie-marine-1024x308.jpg 1024w, https:\/\/www.amenaturopathe.com\/wp-content\/uploads\/2024\/04\/avis-naturopathie-marine-768x231.jpg 768w\" sizes=\"auto, (max-width: 1026px) 100vw, 1026px\" \/><\/figure><\/li><li class=\"wp-block-jetpack-slideshow_slide swiper-slide\"><figure><img loading=\"lazy\" decoding=\"async\" width=\"1024\" height=\"386\" alt=\"\" class=\"wp-block-jetpack-slideshow_image wp-image-986\" data-id=\"986\" src=\"https:\/\/www.amenaturopathe.com\/wp-content\/uploads\/2024\/04\/avis-naturopathie-maxime-cayet.jpg?w=1024\" srcset=\"https:\/\/www.amenaturopathe.com\/wp-content\/uploads\/2024\/04\/avis-naturopathie-maxime-cayet.jpg 1024w, https:\/\/www.amenaturopathe.com\/wp-content\/uploads\/2024\/04\/avis-naturopathie-maxime-cayet-300x113.jpg 300w, https:\/\/www.amenaturopathe.com\/wp-content\/uploads\/2024\/04\/avis-naturopathie-maxime-cayet-768x290.jpg 768w\" sizes=\"auto, (max-width: 1024px) 100vw, 1024px\" \/><\/figure><\/li><li class=\"wp-block-jetpack-slideshow_slide swiper-slide\"><figure><img loading=\"lazy\" decoding=\"async\" width=\"1022\" height=\"352\" alt=\"\" class=\"wp-block-jetpack-slideshow_image wp-image-998\" data-id=\"998\" src=\"https:\/\/www.amenaturopathe.com\/wp-content\/uploads\/2024\/04\/avis-naturopathie-merxwann.jpg?w=1022\" srcset=\"https:\/\/www.amenaturopathe.com\/wp-content\/uploads\/2024\/04\/avis-naturopathie-merxwann.jpg 1022w, https:\/\/www.amenaturopathe.com\/wp-content\/uploads\/2024\/04\/avis-naturopathie-merxwann-300x103.jpg 300w, https:\/\/www.amenaturopathe.com\/wp-content\/uploads\/2024\/04\/avis-naturopathie-merxwann-768x265.jpg 768w\" sizes=\"auto, (max-width: 1022px) 100vw, 1022px\" \/><\/figure><\/li><li class=\"wp-block-jetpack-slideshow_slide swiper-slide\"><figure><img loading=\"lazy\" decoding=\"async\" width=\"1034\" height=\"442\" alt=\"\" class=\"wp-block-jetpack-slideshow_image wp-image-996\" data-id=\"996\" src=\"https:\/\/www.amenaturopathe.com\/wp-content\/uploads\/2024\/04\/avis-naturopathie-nathalie-leaute.jpg?w=1024\" srcset=\"https:\/\/www.amenaturopathe.com\/wp-content\/uploads\/2024\/04\/avis-naturopathie-nathalie-leaute.jpg 1034w, https:\/\/www.amenaturopathe.com\/wp-content\/uploads\/2024\/04\/avis-naturopathie-nathalie-leaute-300x128.jpg 300w, https:\/\/www.amenaturopathe.com\/wp-content\/uploads\/2024\/04\/avis-naturopathie-nathalie-leaute-1024x438.jpg 1024w, https:\/\/www.amenaturopathe.com\/wp-content\/uploads\/2024\/04\/avis-naturopathie-nathalie-leaute-768x328.jpg 768w\" sizes=\"auto, (max-width: 1034px) 100vw, 1034px\" \/><\/figure><\/li><li class=\"wp-block-jetpack-slideshow_slide swiper-slide\"><figure><img loading=\"lazy\" decoding=\"async\" width=\"1028\" height=\"326\" alt=\"\" class=\"wp-block-jetpack-slideshow_image wp-image-994\" data-id=\"994\" src=\"https:\/\/www.amenaturopathe.com\/wp-content\/uploads\/2024\/04\/avsi-jmv-camille.jpg?w=1024\" srcset=\"https:\/\/www.amenaturopathe.com\/wp-content\/uploads\/2024\/04\/avsi-jmv-camille.jpg 1028w, https:\/\/www.amenaturopathe.com\/wp-content\/uploads\/2024\/04\/avsi-jmv-camille-300x95.jpg 300w, https:\/\/www.amenaturopathe.com\/wp-content\/uploads\/2024\/04\/avsi-jmv-camille-1024x325.jpg 1024w, https:\/\/www.amenaturopathe.com\/wp-content\/uploads\/2024\/04\/avsi-jmv-camille-768x244.jpg 768w\" sizes=\"auto, (max-width: 1028px) 100vw, 1028px\" \/><\/figure><\/li><\/ul><a class=\"wp-block-jetpack-slideshow_button-prev swiper-button-prev swiper-button-white\" role=\"button\"><\/a><a class=\"wp-block-jetpack-slideshow_button-next swiper-button-next swiper-button-white\" role=\"button\"><\/a><a aria-label=\"Pause Slideshow\" class=\"wp-block-jetpack-slideshow_button-pause\" role=\"button\"><\/a><div class=\"wp-block-jetpack-slideshow_pagination swiper-pagination swiper-pagination-white\"><\/div><\/div><\/div>\n","protected":false},"excerpt":{"rendered":"<p>Lors de notre premier RDV, nous prendrons 1H30 pour faire le tour de vos ant\u00e9c\u00e9dents, de vos troubles, de vos habitudes alimentaires et de votre hygi\u00e8ne de vie au quotidien. A l&rsquo;issue de cette rencontre, je vous enverrai un bilan par mail qui reprendra tous les conseils donn\u00e9s. Nous pourrons ensuite fixer un second RDV de suivi pour faire un bilan de ces premi\u00e8res semaines et r\u00e9ajuster ou ajouter de nouveaux conseils pour atteindre votre objectif. Pourquoi me consulter ? Vos t\u00e9moignages suite \u00e0 une s\u00e9ance de naturopathie :<\/p>\n","protected":false},"author":2,"featured_media":0,"parent":0,"menu_order":0,"comment_status":"closed","ping_status":"closed","template":"","meta":{"footnotes":""},"class_list":["post-50","page","type-page","status-publish","hentry"],"_links":{"self":[{"href":"https:\/\/www.amenaturopathe.com\/index.php?rest_route=\/wp\/v2\/pages\/50","targetHints":{"allow":["GET"]}}],"collection":[{"href":"https:\/\/www.amenaturopathe.com\/index.php?rest_route=\/wp\/v2\/pages"}],"about":[{"href":"https:\/\/www.amenaturopathe.com\/index.php?rest_route=\/wp\/v2\/types\/page"}],"author":[{"embeddable":true,"href":"https:\/\/www.amenaturopathe.com\/index.php?rest_route=\/wp\/v2\/users\/2"}],"replies":[{"embeddable":true,"href":"https:\/\/www.amenaturopathe.com\/index.php?rest_route=%2Fwp%2Fv2%2Fcomments&post=50"}],"version-history":[{"count":0,"href":"https:\/\/www.amenaturopathe.com\/index.php?rest_route=\/wp\/v2\/pages\/50\/revisions"}],"wp:attachment":[{"href":"https:\/\/www.amenaturopathe.com\/index.php?rest_route=%2Fwp%2Fv2%2Fmedia&parent=50"}],"curies":[{"name":"wp","href":"https:\/\/api.w.org\/{rel}","templated":true}]}}