{"id":52,"date":"2021-10-01T13:10:59","date_gmt":"2021-10-01T11:10:59","guid":{"rendered":"https:\/\/amenaturo.wpcomstaging.com\/?page_id=52"},"modified":"2021-10-01T13:10:59","modified_gmt":"2021-10-01T11:10:59","slug":"atelier-en-entreprises","status":"publish","type":"page","link":"https:\/\/www.amenaturopathe.com\/?page_id=52","title":{"rendered":"Interventions en entreprise"},"content":{"rendered":"\n<div class=\"wp-block-group alignfull\" style=\"margin-top:0px;margin-bottom:0px;padding-top:var(--wp--preset--spacing--80);padding-right:var(--wp--preset--spacing--60);padding-bottom:var(--wp--preset--spacing--80);padding-left:var(--wp--preset--spacing--60)\"><div class=\"wp-block-group__inner-container is-layout-constrained wp-container-core-group-is-layout-943fbb0c wp-block-group-is-layout-constrained\">\n<div class=\"wp-block-columns alignwide is-layout-flex wp-container-core-columns-is-layout-289223cd wp-block-columns-is-layout-flex\">\n<div class=\"wp-block-column is-layout-flow wp-block-column-is-layout-flow\"><div class=\"wp-block-image\">\n<figure class=\"alignright is-resized\"><img decoding=\"async\" src=\"https:\/\/image.freepik.com\/photos-gratuite\/executives-plaisanteries-rire-dans-bureau_1098-1834.jpg\" alt=\"Executives plaisanteries et rire dans le bureau Photo gratuit\" style=\"width:504px;height:335px\" \/><\/figure>\n<\/div><\/div>\n\n\n\n<div class=\"wp-block-column is-vertically-aligned-center is-layout-flow wp-block-column-is-layout-flow\">\n<p>V\u00e9ritable levier de productivit\u00e9 en entreprise, le bien-\u00eatre des salari\u00e9s est au c\u0153ur des pr\u00e9occupations RH. La qualit\u00e9 de vie au travail est un enjeu majeur pour toute entreprise : absent\u00e9isme et turn-over augmentent les co\u00fbts et diminuent la productivit\u00e9. Souvent, se r\u00e9organiser ne suffit pas. Alors des dirigeants cherchent \u00e0 innover pour rester comp\u00e9titifs sur leur(s) march\u00e9(s) : par exemple en accueillant le D\u00e9veloppement Personnel dans leur entreprise. Une d\u00e9marche bienfaits \/ b\u00e9n\u00e9fices pour les salari\u00e9s et leurs employeurs.<\/p>\n\n\n\n<p class=\"has-link-color wp-elements-1c174f847ba9502d54c971dd11954085\">C&rsquo;est pourquoi j&rsquo;ai cr\u00e9e<strong> Start to Be<\/strong> !<\/p>\n<\/div>\n<\/div>\n\n\n\n<div class=\"wp-block-group alignfull\" style=\"margin-top:0px;margin-bottom:0px;padding-top:var(--wp--preset--spacing--80);padding-right:var(--wp--preset--spacing--60);padding-bottom:var(--wp--preset--spacing--80);padding-left:var(--wp--preset--spacing--60)\"><div class=\"wp-block-group__inner-container is-layout-constrained wp-container-core-group-is-layout-943fbb0c wp-block-group-is-layout-constrained\">\n<div class=\"wp-block-columns alignwide is-layout-flex wp-container-core-columns-is-layout-289223cd wp-block-columns-is-layout-flex\">\n<div class=\"wp-block-column is-vertically-aligned-center is-layout-flow wp-block-column-is-layout-flow\">\n<h2 class=\"wp-block-heading\" style=\"margin-top:0px\">Qu&rsquo;est ce que Start to Be<\/h2>\n\n\n\n<p>\u00ab\u00a0<strong><em>Start to Be\u00a0\u00bb<\/em> est le r\u00e9seau des professionnels du mieux \u00eatre au service des entreprises<\/strong>. Consciente de l&rsquo;importance de l&rsquo;accompagnement des salari\u00e9s, j &lsquo;ai r\u00e9uni une \u00e9quipe vari\u00e9e et compl\u00e9mentaire pour apporter un large \u00e9ventail de comp\u00e9tences qui couvre l&rsquo;ensemble des besoins et des questionnements de chacun. <\/p>\n\n\n\n<p>Celle-ci est compos\u00e9e de:<\/p>\n\n\n\n<ul class=\"wp-block-list\">\n<li><strong><a href=\"https:\/\/margedemanoeuvre.fr\/\" target=\"_blank\" rel=\"noreferrer noopener\">Lysiane Brand<\/a><\/strong>, psychologue du travail <\/li>\n\n\n\n<li><strong><a href=\"https:\/\/www.sophrologue-nantes-sud.fr\/\" target=\"_blank\" rel=\"noreferrer noopener\">Elodie Viaud<\/a><\/strong>,  sophrologue et kin\u00e9siologue<\/li>\n\n\n\n<li><strong><a href=\"https:\/\/saf-enneagramme.fr\/\" target=\"_blank\" rel=\"noreferrer noopener\">Carlo Martinelli<\/a><\/strong>, formateur enn\u00e9agramme<\/li>\n\n\n\n<li><strong><a href=\"https:\/\/coachevolution.fr\/\" target=\"_blank\" rel=\"noreferrer noopener\">Axelle Martinelli<\/a><\/strong>, formatrice ikiga\u00ef<\/li>\n\n\n\n<li><strong><a href=\"https:\/\/www.geraldinedobigies.fr\/\" target=\"_blank\" rel=\"noreferrer noopener\">G\u00e9raldine Dobigies<\/a><\/strong>, praticienne Shiatsu et massage Amma assis<\/li>\n\n\n\n<li><strong><a href=\"https:\/\/www.instagram.com\/brahimhachlaf\/\" target=\"_blank\" rel=\"noreferrer noopener\">Brahim Hachlaf<\/a><\/strong>, photographe sp\u00e9cialis\u00e9 dans la confiance en soi<\/li>\n\n\n\n<li><strong><a href=\"https:\/\/www.therapeutesonorenantes.fr\/\" target=\"_blank\" rel=\"noreferrer noopener\">Manuel Mah\u00e9<\/a><\/strong>, sonoth\u00e9rapeute<\/li>\n\n\n\n<li><strong><a href=\"https:\/\/www.isasportsante.com\/\" target=\"_blank\" rel=\"noreferrer noopener\">Isabelle Marand<\/a><\/strong>, coach sportive pil\u00e2tes et relaxation<\/li>\n\n\n\n<li><strong><a href=\"https:\/\/kj-sport-coaching.fr\/\" target=\"_blank\" rel=\"noreferrer noopener\">David Fattahi<\/a><\/strong>, coach sport cardio training et boxe<\/li>\n\n\n\n<li><strong><a href=\"https:\/\/kj-sport-coaching.fr\/\" target=\"_blank\" rel=\"noreferrer noopener\">Jason Ondomat<\/a><\/strong>, coach sport cardio training et boxe<\/li>\n\n\n\n<li><strong><a href=\"https:\/\/www.un-temps-pour-soi-yoga-massages.fr\/\" target=\"_blank\" rel=\"noreferrer noopener\">Sandrine Landriau<\/a><\/strong>, prof de yoga <\/li>\n\n\n\n<li><strong><a href=\"https:\/\/fr.wikipedia.org\/wiki\/Gaetano_Pirrello\" target=\"_blank\" rel=\"noreferrer noopener\">Gaetano Pirrello<\/a><\/strong>, combattant pro MMA<\/li>\n\n\n\n<li>Et moi m\u00eame, naturopathe, Th\u00e9rapeute JMV et r\u00e9flexologue plantaire<\/li>\n<\/ul>\n<\/div>\n\n\n\n<div class=\"wp-block-column is-layout-flow wp-block-column-is-layout-flow\">\n<figure class=\"wp-block-image alignfull size-large\"><img loading=\"lazy\" decoding=\"async\" width=\"1414\" height=\"2000\" src=\"https:\/\/www.amenaturopathe.com\/wp-content\/uploads\/2023\/09\/les-ateliers-en-entreprise.jpg?w=724\" alt=\"\" class=\"wp-image-818\" srcset=\"https:\/\/www.amenaturopathe.com\/wp-content\/uploads\/2023\/09\/les-ateliers-en-entreprise.jpg 1414w, https:\/\/www.amenaturopathe.com\/wp-content\/uploads\/2023\/09\/les-ateliers-en-entreprise-212x300.jpg 212w, https:\/\/www.amenaturopathe.com\/wp-content\/uploads\/2023\/09\/les-ateliers-en-entreprise-724x1024.jpg 724w, https:\/\/www.amenaturopathe.com\/wp-content\/uploads\/2023\/09\/les-ateliers-en-entreprise-768x1086.jpg 768w, https:\/\/www.amenaturopathe.com\/wp-content\/uploads\/2023\/09\/les-ateliers-en-entreprise-1086x1536.jpg 1086w\" sizes=\"auto, (max-width: 1414px) 100vw, 1414px\" \/><\/figure>\n<\/div>\n<\/div>\n<\/div><\/div>\n\n\n\n<div class=\"wp-block-buttons alignwide is-content-justification-center is-layout-flex wp-container-core-buttons-is-layout-16018d1d wp-block-buttons-is-layout-flex\">\n<div class=\"wp-block-button\"><a class=\"wp-block-button__link wp-element-button\" href=\"https:\/\/www.amenaturopathe.com\/contact-2\/\" target=\"_blank\" rel=\"noreferrer noopener\">Je veux en savoir plus<\/a><\/div>\n<\/div>\n<\/div><\/div>\n\n\n\n<div class=\"wp-block-columns alignwide is-layout-flex wp-container-core-columns-is-layout-9d6595d7 wp-block-columns-is-layout-flex\">\n<div class=\"wp-block-column is-layout-flow wp-block-column-is-layout-flow\" style=\"flex-basis:68%\">\n<h2 class=\"wp-block-heading has-text-align-center has-primary-color has-text-color\" style=\"margin-top:0px;margin-right:0px;margin-bottom:0px;margin-left:0px;font-size:35px;line-height:1.38\">Les formats d&rsquo;intervention possible<\/h2>\n<\/div>\n\n\n\n<div class=\"wp-block-column is-layout-flow wp-block-column-is-layout-flow\"><\/div>\n\n\n\n<div class=\"wp-block-column is-layout-flow wp-block-column-is-layout-flow\" style=\"flex-basis:32%\"><\/div>\n<\/div>\n\n\n\n<p>Nous avons cr\u00e9\u00e9 ensemble un <strong>catalogue<\/strong> regroupant nos interventions pour faciliter votre choix. Vous y trouverez: <\/p>\n\n\n\n<div class=\"wp-block-group alignfull has-text-color has-background\" style=\"color:#000000;background-color:#ffffff;margin-top:0px;margin-bottom:0px;padding-top:7vw;padding-bottom:7vw\"><div class=\"wp-block-group__inner-container is-layout-constrained wp-block-group-is-layout-constrained\">\n<div class=\"wp-block-columns alignwide is-layout-flex wp-container-core-columns-is-layout-9d6595d7 wp-block-columns-is-layout-flex\">\n<div class=\"wp-block-column is-layout-flow wp-block-column-is-layout-flow\">\n<p class=\"has-text-align-center margin-top-half\"><strong>Atelier<\/strong><\/p>\n\n\n\n<figure class=\"wp-block-image size-large margin-bottom-half\"><img loading=\"lazy\" decoding=\"async\" width=\"626\" height=\"391\" src=\"https:\/\/www.amenaturopathe.com\/wp-content\/uploads\/2022\/06\/atelier-2.webp?w=626\" alt=\"\" class=\"wp-image-531\" srcset=\"https:\/\/www.amenaturopathe.com\/wp-content\/uploads\/2022\/06\/atelier-2.webp 626w, https:\/\/www.amenaturopathe.com\/wp-content\/uploads\/2022\/06\/atelier-2-300x187.webp 300w\" sizes=\"auto, (max-width: 626px) 100vw, 626px\" \/><\/figure>\n\n\n\n<p>Ateliers pour un groupe de 12 personnes maximum autour d&rsquo;une th\u00e9matique pr\u00e9alablement choisie.<\/p>\n\n\n\n<p>Ce format permet  de:<\/p>\n\n\n\n<ul class=\"wp-block-list\">\n<li> privil\u00e9gier les interactions entre les participants<\/li>\n\n\n\n<li> proposer un atelier pratique <\/li>\n\n\n\n<li> cibler les besoins de chaque participant<\/li>\n\n\n\n<li>Un temps d&rsquo;\u00e9change questions\/r\u00e9ponses est pr\u00e9vu \u00e0 la fin. <\/li>\n<\/ul>\n<\/div>\n\n\n\n<div class=\"wp-block-column is-layout-flow wp-block-column-is-layout-flow\">\n<p class=\"has-text-align-center margin-top-half\"><strong>Coaching sportif<\/strong><\/p>\n\n\n<div class=\"wp-block-image\">\n<figure class=\"aligncenter size-large is-resized\"><img loading=\"lazy\" decoding=\"async\" width=\"396\" height=\"396\" src=\"https:\/\/www.amenaturopathe.com\/wp-content\/uploads\/2023\/09\/image.png?w=396\" alt=\"\" class=\"wp-image-823\" style=\"width:208px;height:auto\" srcset=\"https:\/\/www.amenaturopathe.com\/wp-content\/uploads\/2023\/09\/image.png 396w, https:\/\/www.amenaturopathe.com\/wp-content\/uploads\/2023\/09\/image-300x300.png 300w, https:\/\/www.amenaturopathe.com\/wp-content\/uploads\/2023\/09\/image-150x150.png 150w\" sizes=\"auto, (max-width: 396px) 100vw, 396px\" \/><\/figure>\n<\/div>\n\n\n<p>D\u00e9butant, interm\u00e9diaire ou confirm\u00e9, nos coachs s&rsquo;adaptent \u00e0 vos besoins et vous  proposent des cours d&rsquo;1H pour vous d\u00e9fouler pendant votre pause ou apr\u00e8s le travail . <\/p>\n\n\n\n<p>Des coachings vari\u00e9s: <\/p>\n\n\n\n<ul class=\"wp-block-list\">\n<li>cardio training<\/li>\n\n\n\n<li>renforcement musculaire<\/li>\n\n\n\n<li>pil\u00e2tes<\/li>\n\n\n\n<li>stretching<\/li>\n\n\n\n<li>relaxation<\/li>\n\n\n\n<li>yoga<\/li>\n\n\n\n<li>stage sport de combats\/MMA<\/li>\n<\/ul>\n<\/div>\n\n\n\n<div class=\"wp-block-column is-layout-flow wp-block-column-is-layout-flow\">\n<p class=\"has-text-align-center margin-top-half\"><strong>Entretien individuel<\/strong><\/p>\n\n\n\n<figure class=\"wp-block-image size-large margin-bottom-half\"><img loading=\"lazy\" decoding=\"async\" width=\"626\" height=\"391\" src=\"https:\/\/www.amenaturopathe.com\/wp-content\/uploads\/2022\/06\/entretien-individuel.webp?w=626\" alt=\"\" class=\"wp-image-529\" srcset=\"https:\/\/www.amenaturopathe.com\/wp-content\/uploads\/2022\/06\/entretien-individuel.webp 626w, https:\/\/www.amenaturopathe.com\/wp-content\/uploads\/2022\/06\/entretien-individuel-300x187.webp 300w\" sizes=\"auto, (max-width: 626px) 100vw, 626px\" \/><\/figure>\n\n\n\n<p>Nous nous d\u00e9pla\u00e7ons dans votre entreprise pour assurer une permanence de RDV r\u00e9serv\u00e9 pour vos salari\u00e9s. <\/p>\n\n\n\n<ul class=\"wp-block-list\">\n<li>Naturopathie<\/li>\n\n\n\n<li>Kin\u00e9siologie<\/li>\n\n\n\n<li>Massage Amma assis<\/li>\n\n\n\n<li>Shiatsu<\/li>\n\n\n\n<li>R\u00e9flexologie plantaire<\/li>\n\n\n\n<li>Drainage lymphatique<\/li>\n\n\n\n<li>Sonoth\u00e9rapie<\/li>\n\n\n\n<li>S\u00e9ance de psychologie du travail<\/li>\n\n\n\n<li>Bilan de comp\u00e9tences<\/li>\n<\/ul>\n<\/div>\n<\/div>\n\n\n\n<div class=\"wp-block-buttons is-content-justification-center is-layout-flex wp-container-core-buttons-is-layout-16018d1d wp-block-buttons-is-layout-flex\">\n<div class=\"wp-block-button\"><a class=\"wp-block-button__link wp-element-button\" href=\"https:\/\/www.amenaturopathe.com\/contact-2\/\" target=\"_blank\" rel=\"noreferrer noopener\">D\u00e9couvrir le catalogue<\/a><\/div>\n<\/div>\n<\/div><\/div>\n\n\n\n<h2 class=\"wp-block-heading has-text-align-center\" id=\"ils-m-ont-fait-confiance\"><strong>Ils nous ont fait confiance<\/strong><\/h2>\n\n\n\n<div class=\"wp-block-jetpack-slideshow aligncenter\"><div data-effect=\"slide\"><div class=\"wp-block-jetpack-slideshow_container swiper-container\"><ul class=\"wp-block-jetpack-slideshow_swiper-wrapper swiper-wrapper\"><li class=\"wp-block-jetpack-slideshow_slide swiper-slide\"><figure><img loading=\"lazy\" decoding=\"async\" width=\"792\" height=\"183\" alt=\"\" class=\"wp-block-jetpack-slideshow_image wp-image-385\" data-id=\"385\" src=\"https:\/\/www.amenaturopathe.com\/wp-content\/uploads\/2022\/01\/5f70980274254979fed493a7_2d2d17ac-dd79-4b07-b5fb-bb6a1fd3cb7d.jpg?w=750\" srcset=\"https:\/\/www.amenaturopathe.com\/wp-content\/uploads\/2022\/01\/5f70980274254979fed493a7_2d2d17ac-dd79-4b07-b5fb-bb6a1fd3cb7d.jpg 792w, https:\/\/www.amenaturopathe.com\/wp-content\/uploads\/2022\/01\/5f70980274254979fed493a7_2d2d17ac-dd79-4b07-b5fb-bb6a1fd3cb7d-300x69.jpg 300w, https:\/\/www.amenaturopathe.com\/wp-content\/uploads\/2022\/01\/5f70980274254979fed493a7_2d2d17ac-dd79-4b07-b5fb-bb6a1fd3cb7d-768x177.jpg 768w\" sizes=\"auto, (max-width: 792px) 100vw, 792px\" \/><\/figure><\/li><li class=\"wp-block-jetpack-slideshow_slide swiper-slide\"><figure><img loading=\"lazy\" decoding=\"async\" width=\"800\" height=\"590\" alt=\"\" class=\"wp-block-jetpack-slideshow_image wp-image-384\" data-id=\"384\" src=\"https:\/\/www.amenaturopathe.com\/wp-content\/uploads\/2022\/01\/logo-youcantguardme-transparent-1-800x590-1.png?w=750\" srcset=\"https:\/\/www.amenaturopathe.com\/wp-content\/uploads\/2022\/01\/logo-youcantguardme-transparent-1-800x590-1.png 800w, https:\/\/www.amenaturopathe.com\/wp-content\/uploads\/2022\/01\/logo-youcantguardme-transparent-1-800x590-1-300x221.png 300w, https:\/\/www.amenaturopathe.com\/wp-content\/uploads\/2022\/01\/logo-youcantguardme-transparent-1-800x590-1-768x566.png 768w\" sizes=\"auto, (max-width: 800px) 100vw, 800px\" \/><\/figure><\/li><li class=\"wp-block-jetpack-slideshow_slide swiper-slide\"><figure><img loading=\"lazy\" decoding=\"async\" width=\"800\" height=\"461\" alt=\"\" class=\"wp-block-jetpack-slideshow_image wp-image-382\" data-id=\"382\" src=\"https:\/\/www.amenaturopathe.com\/wp-content\/uploads\/2022\/01\/logo_cci_st-n-2.png?w=750\" srcset=\"https:\/\/www.amenaturopathe.com\/wp-content\/uploads\/2022\/01\/logo_cci_st-n-2.png 800w, https:\/\/www.amenaturopathe.com\/wp-content\/uploads\/2022\/01\/logo_cci_st-n-2-300x173.png 300w, https:\/\/www.amenaturopathe.com\/wp-content\/uploads\/2022\/01\/logo_cci_st-n-2-768x443.png 768w\" sizes=\"auto, (max-width: 800px) 100vw, 800px\" \/><\/figure><\/li><li class=\"wp-block-jetpack-slideshow_slide swiper-slide\"><figure><img loading=\"lazy\" decoding=\"async\" width=\"443\" height=\"132\" alt=\"\" class=\"wp-block-jetpack-slideshow_image wp-image-377\" data-id=\"377\" src=\"https:\/\/www.amenaturopathe.com\/wp-content\/uploads\/2022\/01\/ssio.png?w=443\" srcset=\"https:\/\/www.amenaturopathe.com\/wp-content\/uploads\/2022\/01\/ssio.png 443w, https:\/\/www.amenaturopathe.com\/wp-content\/uploads\/2022\/01\/ssio-300x89.png 300w\" sizes=\"auto, (max-width: 443px) 100vw, 443px\" \/><\/figure><\/li><li class=\"wp-block-jetpack-slideshow_slide swiper-slide\"><figure><img loading=\"lazy\" decoding=\"async\" width=\"295\" height=\"363\" alt=\"\" class=\"wp-block-jetpack-slideshow_image wp-image-1042\" data-id=\"1042\" src=\"https:\/\/www.amenaturopathe.com\/wp-content\/uploads\/2024\/04\/coach-nantais.jpg?w=295\" srcset=\"https:\/\/www.amenaturopathe.com\/wp-content\/uploads\/2024\/04\/coach-nantais.jpg 295w, https:\/\/www.amenaturopathe.com\/wp-content\/uploads\/2024\/04\/coach-nantais-244x300.jpg 244w\" sizes=\"auto, (max-width: 295px) 100vw, 295px\" \/><\/figure><\/li><\/ul><a class=\"wp-block-jetpack-slideshow_button-prev swiper-button-prev swiper-button-white\" role=\"button\"><\/a><a class=\"wp-block-jetpack-slideshow_button-next swiper-button-next swiper-button-white\" role=\"button\"><\/a><a aria-label=\"Pause Slideshow\" class=\"wp-block-jetpack-slideshow_button-pause\" role=\"button\"><\/a><div class=\"wp-block-jetpack-slideshow_pagination swiper-pagination swiper-pagination-white\"><\/div><\/div><\/div><\/div>\n\n\n\n<div class=\"wp-block-columns is-layout-flex wp-container-core-columns-is-layout-9d6595d7 wp-block-columns-is-layout-flex\">\n<div class=\"wp-block-column is-layout-flow wp-block-column-is-layout-flow\" style=\"flex-basis:100%\"><\/div>\n<\/div>\n","protected":false},"excerpt":{"rendered":"<p>V\u00e9ritable levier de productivit\u00e9 en entreprise, le bien-\u00eatre des salari\u00e9s est au c\u0153ur des pr\u00e9occupations RH. La qualit\u00e9 de vie au travail est un enjeu majeur pour toute entreprise : absent\u00e9isme et turn-over augmentent les co\u00fbts et diminuent la productivit\u00e9. Souvent, se r\u00e9organiser ne suffit pas. Alors des dirigeants cherchent \u00e0 innover pour rester comp\u00e9titifs sur leur(s) march\u00e9(s) : par exemple en accueillant le D\u00e9veloppement Personnel dans leur entreprise. Une d\u00e9marche bienfaits \/ b\u00e9n\u00e9fices pour les salari\u00e9s et leurs employeurs. C&rsquo;est pourquoi j&rsquo;ai cr\u00e9e Start to Be ! Qu&rsquo;est ce que Start to Be \u00ab\u00a0Start to Be\u00a0\u00bb est le r\u00e9seau des professionnels du mieux \u00eatre au service des entreprises. Consciente de l&rsquo;importance de l&rsquo;accompagnement des salari\u00e9s, j &lsquo;ai r\u00e9uni une \u00e9quipe vari\u00e9e et compl\u00e9mentaire pour apporter un large \u00e9ventail de comp\u00e9tences qui couvre l&rsquo;ensemble des besoins et des questionnements de chacun. Celle-ci est compos\u00e9e de: Les formats d&rsquo;intervention possible Nous avons cr\u00e9\u00e9 ensemble un catalogue regroupant nos interventions pour faciliter votre choix. Vous y trouverez: Atelier Ateliers pour un groupe de 12 personnes maximum autour d&rsquo;une th\u00e9matique pr\u00e9alablement choisie. Ce format permet de: Coaching sportif D\u00e9butant, interm\u00e9diaire ou confirm\u00e9, nos coachs s&rsquo;adaptent \u00e0 vos besoins et vous proposent des cours d&rsquo;1H pour vous d\u00e9fouler pendant votre pause ou apr\u00e8s le travail . Des coachings vari\u00e9s: Entretien individuel Nous nous d\u00e9pla\u00e7ons dans votre entreprise pour assurer une permanence de RDV r\u00e9serv\u00e9 pour vos salari\u00e9s. Ils nous ont fait confiance<\/p>\n","protected":false},"author":2,"featured_media":0,"parent":0,"menu_order":0,"comment_status":"closed","ping_status":"closed","template":"","meta":{"footnotes":""},"class_list":["post-52","page","type-page","status-publish","hentry"],"_links":{"self":[{"href":"https:\/\/www.amenaturopathe.com\/index.php?rest_route=\/wp\/v2\/pages\/52","targetHints":{"allow":["GET"]}}],"collection":[{"href":"https:\/\/www.amenaturopathe.com\/index.php?rest_route=\/wp\/v2\/pages"}],"about":[{"href":"https:\/\/www.amenaturopathe.com\/index.php?rest_route=\/wp\/v2\/types\/page"}],"author":[{"embeddable":true,"href":"https:\/\/www.amenaturopathe.com\/index.php?rest_route=\/wp\/v2\/users\/2"}],"replies":[{"embeddable":true,"href":"https:\/\/www.amenaturopathe.com\/index.php?rest_route=%2Fwp%2Fv2%2Fcomments&post=52"}],"version-history":[{"count":0,"href":"https:\/\/www.amenaturopathe.com\/index.php?rest_route=\/wp\/v2\/pages\/52\/revisions"}],"wp:attachment":[{"href":"https:\/\/www.amenaturopathe.com\/index.php?rest_route=%2Fwp%2Fv2%2Fmedia&parent=52"}],"curies":[{"name":"wp","href":"https:\/\/api.w.org\/{rel}","templated":true}]}}